Last updated on 2025-11-04 06:49:47 CET.
| Flavor | Version | Tinstall | Tcheck | Ttotal | Status | Flags | 
|---|---|---|---|---|---|---|
| r-devel-linux-x86_64-debian-clang | 0.1.0 | 4.70 | 54.05 | 58.75 | OK | |
| r-devel-linux-x86_64-debian-gcc | 0.1.0 | 4.08 | 40.21 | 44.29 | OK | |
| r-devel-linux-x86_64-fedora-clang | 0.1.0 | 11.00 | 80.45 | 91.45 | OK | |
| r-devel-linux-x86_64-fedora-gcc | 0.1.0 | 85.92 | OK | |||
| r-devel-windows-x86_64 | 0.1.0 | 8.00 | 62.00 | 70.00 | OK | |
| r-patched-linux-x86_64 | 0.1.0 | 5.48 | 50.54 | 56.02 | OK | |
| r-release-linux-x86_64 | 0.1.0 | 4.67 | 51.19 | 55.86 | OK | |
| r-release-macos-arm64 | 0.1.0 | 3.00 | 22.00 | 25.00 | OK | |
| r-release-macos-x86_64 | 0.1.0 | 5.00 | 50.00 | 55.00 | OK | |
| r-release-windows-x86_64 | 0.1.0 | 7.00 | 62.00 | 69.00 | OK | |
| r-oldrel-macos-arm64 | 0.1.0 | 2.00 | 21.00 | 23.00 | NOTE | |
| r-oldrel-macos-x86_64 | 0.1.0 | 6.00 | 49.00 | 55.00 | NOTE | |
| r-oldrel-windows-x86_64 | 0.1.0 | 9.00 | 82.00 | 91.00 | NOTE | 
Version: 0.1.0
Check: LazyData
Result: NOTE
    'LazyData' is specified without a 'data' directory
Flavors: r-oldrel-macos-arm64, r-oldrel-macos-x86_64, r-oldrel-windows-x86_64