CRAN Package Check Results for Package popbio

Last updated on 2025-11-04 13:50:22 CET.

Flavor Version Tinstall Tcheck Ttotal Status Flags
r-devel-linux-x86_64-debian-clang 2.8 4.08 49.62 53.70 NOTE
r-devel-linux-x86_64-debian-gcc 2.8 2.93 33.29 36.22 NOTE
r-devel-linux-x86_64-fedora-clang 2.8 78.56 OK
r-devel-linux-x86_64-fedora-gcc 2.8 74.04 OK
r-devel-windows-x86_64 2.8 6.00 74.00 80.00 OK
r-patched-linux-x86_64 2.8 4.28 46.03 50.31 OK
r-release-linux-x86_64 2.8 3.61 46.42 50.03 OK
r-release-macos-arm64 2.8 2.00 28.00 30.00 OK
r-release-macos-x86_64 2.8 3.00 46.00 49.00 OK
r-release-windows-x86_64 2.8 5.00 73.00 78.00 OK
r-oldrel-macos-arm64 2.8 2.00 22.00 24.00 OK
r-oldrel-macos-x86_64 2.8 3.00 38.00 41.00 OK
r-oldrel-windows-x86_64 2.8 5.00 70.00 75.00 OK

Check Details

Version: 2.8
Check: CRAN incoming feasibility
Result: NOTE Maintainer: ‘Chris Stubben <chris.stubben@hci.utah.edu>’ No Authors@R field in DESCRIPTION. Please add one, modifying Authors@R: c(person(given = "Chris", family = "Stubben", role = c("aut", "cre"), email = "chris.stubben@hci.utah.edu"), person(given = "Brook", family = "Milligan", role = "aut"), person(given = "Patrick", family = "Nantel", role = "aut")) as necessary. Flavors: r-devel-linux-x86_64-debian-clang, r-devel-linux-x86_64-debian-gcc