Last updated on 2025-11-26 05:51:45 CET.
| Flavor | Version | Tinstall | Tcheck | Ttotal | Status | Flags |
|---|---|---|---|---|---|---|
| r-devel-linux-x86_64-debian-clang | 0.1 | 3.97 | 43.50 | 47.47 | NOTE | |
| r-devel-linux-x86_64-debian-gcc | 0.1 | 2.55 | 31.18 | 33.73 | NOTE | |
| r-devel-linux-x86_64-fedora-clang | 0.1 | 74.89 | OK | |||
| r-devel-linux-x86_64-fedora-gcc | 0.1 | 14.00 | 60.13 | 74.13 | OK | |
| r-devel-windows-x86_64 | 0.1 | 8.00 | 57.00 | 65.00 | OK | |
| r-patched-linux-x86_64 | 0.1 | 4.09 | 41.78 | 45.87 | OK | |
| r-release-linux-x86_64 | 0.1 | 3.83 | 40.90 | 44.73 | OK | |
| r-release-macos-arm64 | 0.1 | OK | ||||
| r-release-macos-x86_64 | 0.1 | 3.00 | 40.00 | 43.00 | OK | |
| r-release-windows-x86_64 | 0.1 | 6.00 | 58.00 | 64.00 | OK | |
| r-oldrel-macos-arm64 | 0.1 | NOTE | ||||
| r-oldrel-macos-x86_64 | 0.1 | 3.00 | 30.00 | 33.00 | NOTE | |
| r-oldrel-windows-x86_64 | 0.1 | 7.00 | 73.00 | 80.00 | NOTE |
Version: 0.1
Check: CRAN incoming feasibility
Result: NOTE
Maintainer: ‘Nick Golding <nick.golding.research@gmail.com>’
No Authors@R field in DESCRIPTION.
Please add one, modifying
Authors@R: person(given = "Nick",
family = "Golding",
role = c("aut", "cre"),
email = "nick.golding.research@gmail.com")
as necessary.
Flavors: r-devel-linux-x86_64-debian-clang, r-devel-linux-x86_64-debian-gcc
Version: 0.1
Check: LazyData
Result: NOTE
'LazyData' is specified without a 'data' directory
Flavors: r-oldrel-macos-arm64, r-oldrel-macos-x86_64, r-oldrel-windows-x86_64