Last updated on 2024-08-16 06:50:08 CEST.
Flavor | Version | Tinstall | Tcheck | Ttotal | Status | Flags |
---|---|---|---|---|---|---|
r-devel-linux-x86_64-debian-clang | 1.0.0 | 9.07 | 76.70 | 85.77 | NOTE | |
r-devel-linux-x86_64-debian-gcc | 1.0.0 | 6.79 | 56.78 | 63.57 | NOTE | |
r-devel-linux-x86_64-fedora-clang | 1.0.0 | 138.37 | NOTE | |||
r-devel-linux-x86_64-fedora-gcc | 1.0.0 | 126.06 | NOTE | |||
r-devel-windows-x86_64 | 1.0.0 | 10.00 | 84.00 | 94.00 | NOTE | |
r-patched-linux-x86_64 | 1.0.0 | 9.47 | 71.96 | 81.43 | NOTE | |
r-release-linux-x86_64 | 1.0.0 | 9.16 | 72.58 | 81.74 | NOTE | |
r-release-macos-arm64 | 1.0.0 | 41.00 | NOTE | |||
r-release-macos-x86_64 | 1.0.0 | 69.00 | NOTE | |||
r-release-windows-x86_64 | 1.0.0 | 10.00 | 84.00 | 94.00 | NOTE | |
r-oldrel-macos-arm64 | 1.0.0 | 43.00 | NOTE | |||
r-oldrel-macos-x86_64 | 1.0.0 | 66.00 | NOTE | |||
r-oldrel-windows-x86_64 | 1.0.0 | 14.00 | 100.00 | 114.00 | NOTE |
Version: 1.0.0
Check: LazyData
Result: NOTE
'LazyData' is specified without a 'data' directory
Flavors: r-devel-linux-x86_64-debian-clang, r-devel-linux-x86_64-debian-gcc, r-devel-linux-x86_64-fedora-clang, r-devel-linux-x86_64-fedora-gcc, r-devel-windows-x86_64, r-patched-linux-x86_64, r-release-linux-x86_64, r-release-macos-arm64, r-release-macos-x86_64, r-release-windows-x86_64, r-oldrel-macos-arm64, r-oldrel-macos-x86_64, r-oldrel-windows-x86_64