Last updated on 2025-05-15 18:50:56 CEST.
Flavor | Version | Tinstall | Tcheck | Ttotal | Status | Flags |
---|---|---|---|---|---|---|
r-devel-linux-x86_64-debian-clang | 0.4-1 | 35.81 | 75.82 | 111.63 | NOTE | |
r-devel-linux-x86_64-debian-gcc | 0.4-2 | 27.12 | 55.85 | 82.97 | OK | |
r-devel-linux-x86_64-fedora-clang | 0.4-2 | 212.66 | OK | |||
r-devel-linux-x86_64-fedora-gcc | 0.4-2 | 209.94 | OK | |||
r-devel-windows-x86_64 | 0.4-2 | 43.00 | 111.00 | 154.00 | OK | |
r-patched-linux-x86_64 | 0.4-1 | 36.44 | 71.12 | 107.56 | NOTE | |
r-release-linux-x86_64 | 0.4-1 | 35.74 | 71.93 | 107.67 | NOTE | |
r-release-macos-arm64 | 0.4-2 | 52.00 | OK | |||
r-release-macos-x86_64 | 0.4-2 | 99.00 | OK | |||
r-release-windows-x86_64 | 0.4-2 | 40.00 | 108.00 | 148.00 | OK | |
r-oldrel-macos-arm64 | 0.4-2 | 52.00 | OK | |||
r-oldrel-macos-x86_64 | 0.4-2 | 67.00 | WARN | |||
r-oldrel-windows-x86_64 | 0.4-1 | 54.00 | 134.00 | 188.00 | OK |
Version: 0.4-1
Check: CRAN incoming feasibility
Result: NOTE
Maintainer: ‘Brenton Kenkel <brenton.kenkel@gmail.com>’
No Authors@R field in DESCRIPTION.
Please add one, modifying
Authors@R: c(person(given = "Brenton",
family = "Kenkel",
role = c("aut", "cre"),
email = "brenton.kenkel@gmail.com"),
person(given = c("Curtis", "S."),
family = "Signorino",
role = "aut"))
as necessary.
Flavor: r-devel-linux-x86_64-debian-clang
Version: 0.4-1
Check: Rd cross-references
Result: NOTE
Found the following Rd file(s) with Rd \link{} targets missing package
anchors:
bootPolywog.Rd: foreach, dgCMatrix-class
cv.polywog.Rd: cv.ncvreg
polywog.Rd: glmnet, ncvreg, foreach, Formula, dgCMatrix-class,
cv.glmnet, cv.ncvreg
Please provide package anchors for all Rd \link{} targets not in the
package itself and the base packages.
Flavors: r-devel-linux-x86_64-debian-clang, r-patched-linux-x86_64, r-release-linux-x86_64
Version: 0.4-2
Check: Rd files
Result: WARN
cv.polywog.Rd: Sections \title, and \name must exist and be unique in Rd files
margEff.polywog.Rd: Sections \title, and \name must exist and be unique in Rd files
model.frame.polywog.Rd: Sections \title, and \name must exist and be unique in Rd files
model.matrix.polywog.Rd: Sections \title, and \name must exist and be unique in Rd files
plot.margEff.polywog.Rd: Sections \title, and \name must exist and be unique in Rd files
plot.polywog.Rd: Sections \title, and \name must exist and be unique in Rd files
polywog-package.Rd: Sections \title, and \name must exist and be unique in Rd files
Error writing to connection: No space left on device
Error writing to connection: No space left on device
predict.polywog.Rd: Sections \title, and \name must exist and be unique in Rd files
summary.margEff.polywog.Rd: Sections \title, and \name must exist and be unique in Rd files
summary.polywog.Rd: Sections \title, and \name must exist and be unique in Rd files
problems found in ‘cv.polywog.Rd’, ‘margEff.polywog.Rd’, ‘model.frame.polywog.Rd’, ‘model.matrix.polywog.Rd’, ‘plot.margEff.polywog.Rd’, ‘plot.polywog.Rd’, ‘polywog-package.Rd’, ‘polywog.Rd’, ‘predVals.Rd’, ‘predict.polywog.Rd’, ‘summary.margEff.polywog.Rd’, ‘summary.polywog.Rd’
Flavor: r-oldrel-macos-x86_64