Last updated on 2025-11-04 13:50:22 CET.
| Flavor | Version | Tinstall | Tcheck | Ttotal | Status | Flags |
|---|---|---|---|---|---|---|
| r-devel-linux-x86_64-debian-clang | 0.4.0-4 | 9.45 | 53.41 | 62.86 | NOTE | |
| r-devel-linux-x86_64-debian-gcc | 0.4.0-4 | 8.43 | 41.01 | 49.44 | NOTE | |
| r-devel-linux-x86_64-fedora-clang | 0.4.0-4 | 19.00 | 75.99 | 94.99 | OK | |
| r-devel-linux-x86_64-fedora-gcc | 0.4.0-4 | 23.00 | 72.11 | 95.11 | OK | |
| r-devel-windows-x86_64 | 0.4.0-4 | 14.00 | 75.00 | 89.00 | OK | |
| r-patched-linux-x86_64 | 0.4.0-4 | 9.21 | 51.99 | 61.20 | OK | |
| r-release-linux-x86_64 | 0.4.0-4 | 9.87 | 51.41 | 61.28 | OK | |
| r-release-macos-arm64 | 0.4.0-4 | 5.00 | 30.00 | 35.00 | OK | |
| r-release-macos-x86_64 | 0.4.0-4 | 9.00 | 48.00 | 57.00 | OK | |
| r-release-windows-x86_64 | 0.4.0-4 | 15.00 | 74.00 | 89.00 | OK | |
| r-oldrel-macos-arm64 | 0.4.0-4 | 5.00 | 27.00 | 32.00 | OK | |
| r-oldrel-macos-x86_64 | 0.4.0-4 | 8.00 | 39.00 | 47.00 | OK | |
| r-oldrel-windows-x86_64 | 0.4.0-4 | 18.00 | 89.00 | 107.00 | OK |
Version: 0.4.0-4
Check: CRAN incoming feasibility
Result: NOTE
Maintainer: ‘David Cortes <david.cortes.rivera@gmail.com>’
The Description field contains
bag-of-words-based topic modeling) (Cortes, (2018) <arXiv:1811.01908>),
Please refer to arXiv e-prints via their arXiv DOI <doi:10.48550/arXiv.YYMM.NNNNN>.
Flavors: r-devel-linux-x86_64-debian-clang, r-devel-linux-x86_64-debian-gcc