CRAN Package Check Results for Package png

Last updated on 2025-11-26 05:51:45 CET.

Flavor Version Tinstall Tcheck Ttotal Status Flags
r-devel-linux-x86_64-debian-clang 0.1-8 2.70 18.10 20.80 NOTE
r-devel-linux-x86_64-debian-gcc 0.1-8 2.30 15.26 17.56 NOTE
r-devel-linux-x86_64-fedora-clang 0.1-8 32.61 OK
r-devel-linux-x86_64-fedora-gcc 0.1-8 18.00 14.41 32.41 OK
r-devel-windows-x86_64 0.1-8 20.00 38.00 58.00 OK
r-patched-linux-x86_64 0.1-8 2.58 17.25 19.83 OK
r-release-linux-x86_64 0.1-8 2.48 17.08 19.56 OK
r-release-macos-arm64 0.1-8 OK
r-release-macos-x86_64 0.1-8 4.00 28.00 32.00 OK
r-release-windows-x86_64 0.1-8 20.00 36.00 56.00 OK
r-oldrel-macos-arm64 0.1-8 OK
r-oldrel-macos-x86_64 0.1-8 4.00 18.00 22.00 OK
r-oldrel-windows-x86_64 0.1-8 16.00 39.00 55.00 OK

Additional issues

rchk

Check Details

Version: 0.1-8
Check: CRAN incoming feasibility
Result: NOTE Maintainer: ‘Simon Urbanek <Simon.Urbanek@r-project.org>’ No Authors@R field in DESCRIPTION. Please add one, modifying Authors@R: person(given = "Simon", family = "Urbanek", role = c("aut", "cre"), email = "Simon.Urbanek@r-project.org") as necessary. Flavors: r-devel-linux-x86_64-debian-clang, r-devel-linux-x86_64-debian-gcc