Last updated on 2024-08-16 06:50:08 CEST.
Flavor | Version | Tinstall | Tcheck | Ttotal | Status | Flags |
---|---|---|---|---|---|---|
r-devel-linux-x86_64-debian-clang | 0.1.9 | 6.43 | 58.12 | 64.55 | NOTE | |
r-devel-linux-x86_64-debian-gcc | 0.1.9 | 6.23 | 40.94 | 47.17 | NOTE | |
r-devel-linux-x86_64-fedora-clang | 0.1.9 | 108.68 | NOTE | |||
r-devel-linux-x86_64-fedora-gcc | 0.1.9 | 98.42 | NOTE | |||
r-devel-windows-x86_64 | 0.1.9 | 9.00 | 80.00 | 89.00 | NOTE | |
r-patched-linux-x86_64 | 0.1.9 | 8.48 | 55.79 | 64.27 | NOTE | |
r-release-linux-x86_64 | 0.1.9 | 6.80 | 55.59 | 62.39 | NOTE | |
r-release-macos-arm64 | 0.1.9 | 33.00 | NOTE | |||
r-release-macos-x86_64 | 0.1.9 | 46.00 | NOTE | |||
r-release-windows-x86_64 | 0.1.9 | 10.00 | 78.00 | 88.00 | NOTE | |
r-oldrel-macos-arm64 | 0.1.9 | 34.00 | NOTE | |||
r-oldrel-macos-x86_64 | 0.1.9 | 52.00 | NOTE | |||
r-oldrel-windows-x86_64 | 0.1.9 | 13.00 | 91.00 | 104.00 | NOTE |
Version: 0.1.9
Check: LazyData
Result: NOTE
'LazyData' is specified without a 'data' directory
Flavors: r-devel-linux-x86_64-debian-clang, r-devel-linux-x86_64-debian-gcc, r-devel-linux-x86_64-fedora-clang, r-devel-linux-x86_64-fedora-gcc, r-devel-windows-x86_64, r-patched-linux-x86_64, r-release-linux-x86_64, r-release-macos-arm64, r-release-macos-x86_64, r-release-windows-x86_64, r-oldrel-macos-arm64, r-oldrel-macos-x86_64, r-oldrel-windows-x86_64