CRAN Package Check Results for Package plotGMM

Last updated on 2025-05-15 18:50:55 CEST.

Flavor Version Tinstall Tcheck Ttotal Status Flags
r-devel-linux-x86_64-debian-clang 0.2.2 1.82 36.56 38.38 OK
r-devel-linux-x86_64-debian-gcc 0.2.2 1.35 27.36 28.71 OK
r-devel-linux-x86_64-fedora-clang 0.2.2 58.85 OK
r-devel-linux-x86_64-fedora-gcc 0.2.2 57.33 OK
r-devel-windows-x86_64 0.2.2 4.00 60.00 64.00 OK
r-patched-linux-x86_64 0.2.2 1.77 35.17 36.94 OK
r-release-linux-x86_64 0.2.2 1.56 34.91 36.47 OK
r-release-macos-arm64 0.2.2 24.00 OK
r-release-macos-x86_64 0.2.2 36.00 OK
r-release-windows-x86_64 0.2.2 4.00 60.00 64.00 OK
r-oldrel-macos-arm64 0.2.2 25.00 NOTE
r-oldrel-macos-x86_64 0.2.2 31.00 NOTE
r-oldrel-windows-x86_64 0.2.2 4.00 67.00 71.00 NOTE

Check Details

Version: 0.2.2
Check: LazyData
Result: NOTE 'LazyData' is specified without a 'data' directory Flavors: r-oldrel-macos-arm64, r-oldrel-macos-x86_64, r-oldrel-windows-x86_64