Last updated on 2025-02-05 17:50:04 CET.
Flavor | Version | Tinstall | Tcheck | Ttotal | Status | Flags |
---|---|---|---|---|---|---|
r-devel-linux-x86_64-debian-clang | 0.2.2 | 1.81 | 34.83 | 36.64 | OK | |
r-devel-linux-x86_64-debian-gcc | 0.2.2 | 1.34 | 26.82 | 28.16 | OK | |
r-devel-linux-x86_64-fedora-clang | 0.2.2 | 59.56 | OK | |||
r-devel-linux-x86_64-fedora-gcc | 0.2.2 | 55.43 | OK | |||
r-devel-windows-x86_64 | 0.2.2 | 4.00 | 61.00 | 65.00 | OK | |
r-patched-linux-x86_64 | 0.2.2 | 1.76 | 33.19 | 34.95 | NOTE | |
r-release-linux-x86_64 | 0.2.2 | 1.56 | 33.51 | 35.07 | NOTE | |
r-release-macos-arm64 | 0.2.2 | 25.00 | NOTE | |||
r-release-macos-x86_64 | 0.2.2 | 31.00 | NOTE | |||
r-release-windows-x86_64 | 0.2.2 | 4.00 | 59.00 | 63.00 | NOTE | |
r-oldrel-macos-arm64 | 0.2.2 | 23.00 | NOTE | |||
r-oldrel-macos-x86_64 | 0.2.2 | 30.00 | NOTE | |||
r-oldrel-windows-x86_64 | 0.2.2 | 4.00 | 62.00 | 66.00 | NOTE |
Version: 0.2.2
Check: LazyData
Result: NOTE
'LazyData' is specified without a 'data' directory
Flavors: r-patched-linux-x86_64, r-release-linux-x86_64, r-release-macos-arm64, r-release-macos-x86_64, r-release-windows-x86_64, r-oldrel-macos-arm64, r-oldrel-macos-x86_64, r-oldrel-windows-x86_64