Last updated on 2025-11-04 13:50:22 CET.
| Flavor | Version | Tinstall | Tcheck | Ttotal | Status | Flags |
|---|---|---|---|---|---|---|
| r-devel-linux-x86_64-debian-clang | 0.1.3 | 8.95 | 74.02 | 82.97 | NOTE | |
| r-devel-linux-x86_64-debian-gcc | 0.1.3 | 4.76 | 52.29 | 57.05 | NOTE | |
| r-devel-linux-x86_64-fedora-clang | 0.1.3 | 22.00 | 102.28 | 124.28 | NOTE | |
| r-devel-linux-x86_64-fedora-gcc | 0.1.3 | 18.00 | 99.00 | 117.00 | NOTE | |
| r-devel-windows-x86_64 | 0.1.3 | 10.00 | 79.00 | 89.00 | NOTE | |
| r-patched-linux-x86_64 | 0.1.3 | 8.56 | 67.70 | 76.26 | NOTE | |
| r-release-linux-x86_64 | 0.1.3 | 7.87 | 68.17 | 76.04 | NOTE | |
| r-release-macos-arm64 | 0.1.3 | 4.00 | 53.00 | 57.00 | NOTE | |
| r-release-macos-x86_64 | 0.1.3 | 6.00 | 51.00 | 57.00 | NOTE | |
| r-release-windows-x86_64 | 0.1.3 | 10.00 | 76.00 | 86.00 | NOTE | |
| r-oldrel-macos-arm64 | 0.1.3 | 3.00 | 27.00 | 30.00 | OK | |
| r-oldrel-macos-x86_64 | 0.1.3 | 5.00 | 41.00 | 46.00 | OK | |
| r-oldrel-windows-x86_64 | 0.1.3 | 13.00 | 100.00 | 113.00 | OK |
Version: 0.1.3
Check: DESCRIPTION meta-information
Result: NOTE
Missing dependency on R >= 4.1.0 because package code uses the pipe
|> or function shorthand \(...) syntax added in R 4.1.0.
File(s) using such syntax:
‘plot_season_form.R’
Flavors: r-devel-linux-x86_64-debian-clang, r-devel-linux-x86_64-debian-gcc, r-devel-linux-x86_64-fedora-clang, r-devel-linux-x86_64-fedora-gcc, r-devel-windows-x86_64, r-patched-linux-x86_64, r-release-linux-x86_64, r-release-macos-arm64, r-release-macos-x86_64, r-release-windows-x86_64