Last updated on 2025-02-05 17:50:04 CET.
Flavor | Version | Tinstall | Tcheck | Ttotal | Status | Flags |
---|---|---|---|---|---|---|
r-devel-linux-x86_64-debian-clang | 1.0.0 | 11.31 | 22.44 | 33.75 | NOTE | |
r-devel-linux-x86_64-debian-gcc | 1.0.0 | 7.42 | 18.37 | 25.79 | NOTE | |
r-devel-linux-x86_64-fedora-clang | 1.0.0 | 58.03 | NOTE | |||
r-devel-linux-x86_64-fedora-gcc | 1.0.0 | 55.79 | NOTE | |||
r-devel-windows-x86_64 | 1.0.0 | 17.00 | 94.00 | 111.00 | NOTE | |
r-patched-linux-x86_64 | 1.0.0 | 10.23 | 21.79 | 32.02 | NOTE | |
r-release-linux-x86_64 | 1.0.0 | 10.70 | 21.50 | 32.20 | NOTE | |
r-release-macos-arm64 | 1.0.0 | 20.00 | NOTE | |||
r-release-macos-x86_64 | 1.0.0 | 45.00 | NOTE | |||
r-release-windows-x86_64 | 1.0.0 | 18.00 | 59.00 | 77.00 | NOTE | |
r-oldrel-macos-arm64 | 1.0.0 | 25.00 | NOTE | |||
r-oldrel-macos-x86_64 | 1.0.0 | 35.00 | NOTE | |||
r-oldrel-windows-x86_64 | 1.0.0 | 19.00 | 71.00 | 90.00 | NOTE |
Version: 1.0.0
Check: C++ specification
Result: NOTE
Specified C++11: please drop specification unless essential
Flavors: r-devel-linux-x86_64-debian-clang, r-devel-linux-x86_64-debian-gcc, r-devel-linux-x86_64-fedora-clang, r-devel-linux-x86_64-fedora-gcc, r-devel-windows-x86_64, r-patched-linux-x86_64, r-release-linux-x86_64, r-release-macos-arm64, r-release-macos-x86_64, r-release-windows-x86_64, r-oldrel-macos-arm64, r-oldrel-macos-x86_64, r-oldrel-windows-x86_64
Version: 1.0.0
Check: LazyData
Result: NOTE
'LazyData' is specified without a 'data' directory
Flavors: r-patched-linux-x86_64, r-release-linux-x86_64, r-release-macos-arm64, r-release-macos-x86_64, r-release-windows-x86_64, r-oldrel-macos-arm64, r-oldrel-macos-x86_64, r-oldrel-windows-x86_64