CRAN Package Check Results for Package phyloregion

Last updated on 2025-02-05 17:50:04 CET.

Flavor Version Tinstall Tcheck Ttotal Status Flags
r-devel-linux-x86_64-debian-clang 1.0.8 33.14 333.17 366.31 NOTE
r-devel-linux-x86_64-debian-gcc 1.0.8 22.74 222.09 244.83 NOTE
r-devel-linux-x86_64-fedora-clang 1.0.8 604.26 NOTE
r-devel-linux-x86_64-fedora-gcc 1.0.8 575.93 NOTE
r-devel-windows-x86_64 1.0.8 30.00 270.00 300.00 NOTE
r-patched-linux-x86_64 1.0.8 38.96 304.30 343.26 NOTE
r-release-linux-x86_64 1.0.8 31.81 307.44 339.25 NOTE
r-release-macos-arm64 1.0.8 139.00 NOTE
r-release-macos-x86_64 1.0.8 221.00 NOTE
r-release-windows-x86_64 1.0.8 31.00 267.00 298.00 NOTE
r-oldrel-macos-arm64 1.0.8 135.00 NOTE
r-oldrel-macos-x86_64 1.0.8 246.00 NOTE
r-oldrel-windows-x86_64 1.0.8 40.00 373.00 413.00 OK

Check Details

Version: 1.0.8
Check: Rd files
Result: NOTE checkRd: (-1) fitgom.Rd:87: Lost braces 87 | \item \code{theta} The ncol{counts} by K matrix of estimated | ^ checkRd: (-1) fitgom.Rd:89: Lost braces 89 | \item \code{omega} The nrow{counts} by K matrix of estimated | ^ Flavors: r-devel-linux-x86_64-debian-clang, r-devel-linux-x86_64-debian-gcc, r-devel-linux-x86_64-fedora-clang, r-devel-linux-x86_64-fedora-gcc, r-devel-windows-x86_64, r-patched-linux-x86_64, r-release-linux-x86_64, r-release-macos-arm64, r-release-macos-x86_64, r-release-windows-x86_64

Version: 1.0.8
Check: Rd cross-references
Result: NOTE Found the following Rd file(s) with Rd \link{} targets missing package anchors: beta_diss.Rd: betapart.core, beta.pair, beta.multi, betapart phylobeta.Rd: phylo.betapart.core, phylo.beta.pair, phylo.beta.multi Please provide package anchors for all Rd \link{} targets not in the package itself and the base packages. Flavors: r-devel-linux-x86_64-debian-clang, r-devel-linux-x86_64-debian-gcc, r-devel-windows-x86_64

Version: 1.0.8
Check: package dependencies
Result: NOTE Package suggested but not available for checking: ‘phyloseq’ Flavors: r-oldrel-macos-arm64, r-oldrel-macos-x86_64