Last updated on 2025-02-05 17:50:04 CET.
Flavor | Version | Tinstall | Tcheck | Ttotal | Status | Flags |
---|---|---|---|---|---|---|
r-devel-linux-x86_64-debian-clang | 2.1.5 | 11.14 | 227.93 | 239.07 | NOTE | |
r-devel-linux-x86_64-debian-gcc | 2.1.5 | 6.73 | 146.69 | 153.42 | NOTE | |
r-devel-linux-x86_64-fedora-clang | 2.1.5 | 381.10 | NOTE | |||
r-devel-linux-x86_64-fedora-gcc | 2.1.5 | 367.00 | NOTE | |||
r-devel-windows-x86_64 | 2.1.5 | 13.00 | 219.00 | 232.00 | NOTE | |
r-patched-linux-x86_64 | 2.1.5 | 9.58 | 206.97 | 216.55 | OK | |
r-release-linux-x86_64 | 2.1.5 | 10.18 | 210.09 | 220.27 | OK | |
r-release-macos-arm64 | 2.1.5 | 109.00 | NOTE | |||
r-release-macos-x86_64 | 2.1.5 | 154.00 | NOTE | |||
r-release-windows-x86_64 | 2.1.5 | 12.00 | 234.00 | 246.00 | NOTE | |
r-oldrel-macos-arm64 | 2.1.5 | 125.00 | NOTE | |||
r-oldrel-macos-x86_64 | 2.1.5 | 161.00 | NOTE | |||
r-oldrel-windows-x86_64 | 2.1.5 | 15.00 | 277.00 | 292.00 | NOTE |
Version: 2.1.5
Check: DESCRIPTION meta-information
Result: NOTE
Missing dependency on R >= 4.1.0 because package code uses the pipe
|> or function shorthand \(...) syntax added in R 4.1.0.
File(s) using such syntax:
‘bake-par.R’ ‘bake.R’ ‘calculated-parameters.R’ ‘conductance.R’
‘constants.R’ ‘enviro-par.R’ ‘fit_aq_response.R’
‘fit_photosynthesis.R’ ‘fit_r_light.R’ ‘leaf-par.R’
‘make_parameters.R’ ‘models.R’ ‘parameter_names.R’ ‘photosynthesis.R’
‘read_licor.R’ ‘simulate_error.R’ ‘utils.R’
Flavors: r-devel-linux-x86_64-debian-clang, r-devel-linux-x86_64-debian-gcc, r-devel-linux-x86_64-fedora-clang, r-devel-linux-x86_64-fedora-gcc, r-devel-windows-x86_64
Version: 2.1.5
Check: installed package size
Result: NOTE
installed size is 7.3Mb
sub-directories of 1Mb or more:
doc 6.2Mb
Flavors: r-release-macos-arm64, r-release-macos-x86_64, r-release-windows-x86_64, r-oldrel-macos-arm64, r-oldrel-macos-x86_64, r-oldrel-windows-x86_64