Last updated on 2025-11-26 05:51:45 CET.
| Flavor | Version | Tinstall | Tcheck | Ttotal | Status | Flags |
|---|---|---|---|---|---|---|
| r-devel-linux-x86_64-debian-clang | 0.0.17 | 8.54 | 72.05 | 80.59 | NOTE | |
| r-devel-linux-x86_64-debian-gcc | 0.0.17 | 4.68 | 50.81 | 55.49 | NOTE | |
| r-devel-linux-x86_64-fedora-clang | 0.0.17 | 18.00 | 103.82 | 121.82 | NOTE | |
| r-devel-linux-x86_64-fedora-gcc | 0.0.17 | 17.00 | 111.27 | 128.27 | NOTE | |
| r-devel-windows-x86_64 | 0.0.17 | 13.00 | 89.00 | 102.00 | NOTE | |
| r-patched-linux-x86_64 | 0.0.17 | 7.38 | 65.93 | 73.31 | NOTE | |
| r-release-linux-x86_64 | 0.0.17 | 8.29 | 66.77 | 75.06 | NOTE | |
| r-release-macos-arm64 | 0.0.17 | NOTE | ||||
| r-release-macos-x86_64 | 0.0.17 | 11.00 | 115.00 | 126.00 | NOTE | |
| r-release-windows-x86_64 | 0.0.17 | 12.00 | 92.00 | 104.00 | NOTE | |
| r-oldrel-macos-arm64 | 0.0.17 | OK | ||||
| r-oldrel-macos-x86_64 | 0.0.17 | 10.00 | 96.00 | 106.00 | OK | |
| r-oldrel-windows-x86_64 | 0.0.17 | 13.00 | 113.00 | 126.00 | OK |
Version: 0.0.17
Check: DESCRIPTION meta-information
Result: NOTE
Missing dependency on R >= 4.1.0 because package code uses the pipe
|> or function shorthand \(...) syntax added in R 4.1.0.
File(s) using such syntax:
‘df_to_tier.R’
Flavors: r-devel-linux-x86_64-debian-clang, r-devel-linux-x86_64-debian-gcc, r-devel-linux-x86_64-fedora-clang, r-devel-linux-x86_64-fedora-gcc, r-devel-windows-x86_64, r-patched-linux-x86_64, r-release-linux-x86_64, r-release-macos-arm64, r-release-macos-x86_64, r-release-windows-x86_64