Last updated on 2024-06-15 17:57:40 CEST.
Flavor | Version | Tinstall | Tcheck | Ttotal | Status | Flags |
---|---|---|---|---|---|---|
r-devel-linux-x86_64-debian-clang | 2.2.1 | 4.80 | 135.52 | 140.32 | NOTE | |
r-devel-linux-x86_64-debian-gcc | 2.2.1 | 3.15 | 92.10 | 95.25 | NOTE | |
r-devel-linux-x86_64-fedora-clang | 2.2.1 | 171.78 | NOTE | |||
r-devel-linux-x86_64-fedora-gcc | 2.2.1 | 173.25 | NOTE | |||
r-devel-windows-x86_64 | 2.2.1 | 6.00 | 101.00 | 107.00 | NOTE | |
r-patched-linux-x86_64 | 2.2.1 | 7.61 | 127.72 | 135.33 | NOTE | |
r-release-linux-x86_64 | 2.2.1 | 4.61 | 126.45 | 131.06 | NOTE | |
r-release-macos-arm64 | 2.2.1 | 46.00 | NOTE | |||
r-release-macos-x86_64 | 2.2.1 | 75.00 | NOTE | |||
r-release-windows-x86_64 | 2.2.1 | 6.00 | 104.00 | 110.00 | NOTE | |
r-oldrel-macos-arm64 | 2.2.1 | 48.00 | OK | |||
r-oldrel-macos-x86_64 | 2.2.1 | 73.00 | OK | |||
r-oldrel-windows-x86_64 | 2.2.1 | 5.00 | 115.00 | 120.00 | OK |
Version: 2.2.1
Check: Rd files
Result: NOTE
checkRd: (-1) phasePlaneAnalysis.Rd:84: Lost braces; missing escapes or markup?
84 | identified {see (3) above}, if this point is a saddle then the manifolds are
| ^
Flavors: r-devel-linux-x86_64-debian-clang, r-devel-linux-x86_64-debian-gcc, r-devel-linux-x86_64-fedora-clang, r-devel-linux-x86_64-fedora-gcc, r-devel-windows-x86_64, r-patched-linux-x86_64, r-release-linux-x86_64, r-release-macos-arm64, r-release-macos-x86_64, r-release-windows-x86_64