Last updated on 2025-06-30 18:49:48 CEST.
Flavor | Version | Tinstall | Tcheck | Ttotal | Status | Flags |
---|---|---|---|---|---|---|
r-devel-linux-x86_64-debian-clang | 0.2.1 | 119.94 | 208.75 | 328.69 | OK | |
r-devel-linux-x86_64-debian-gcc | 0.2.1 | 118.03 | 174.20 | 292.23 | OK | |
r-devel-linux-x86_64-fedora-clang | 0.2.1 | 499.98 | OK | |||
r-devel-linux-x86_64-fedora-gcc | 0.2.1 | 617.50 | OK | |||
r-devel-windows-x86_64 | 0.2.1 | 145.00 | 302.00 | 447.00 | OK | |
r-patched-linux-x86_64 | OK | |||||
r-release-linux-x86_64 | 0.2.1 | 138.15 | 217.41 | 355.56 | OK | |
r-release-macos-arm64 | 0.2.1 | 148.00 | OK | |||
r-release-macos-x86_64 | 0.2.1 | 451.00 | OK | |||
r-release-windows-x86_64 | 0.2.1 | 142.00 | 290.00 | 432.00 | OK | |
r-oldrel-macos-arm64 | 0.2.1 | 88.00 | NOTE | |||
r-oldrel-macos-x86_64 | 0.2.1 | 156.00 | NOTE | |||
r-oldrel-windows-x86_64 | 0.2.1 | 173.00 | 354.00 | 527.00 | NOTE |
Version: 0.2.1
Check: installed package size
Result: NOTE
installed size is 40.5Mb
sub-directories of 1Mb or more:
libs 40.2Mb
Flavors: r-oldrel-macos-arm64, r-oldrel-macos-x86_64
Version: 0.2.1
Check: for GNU extensions in Makefiles
Result: NOTE
GNU make is a SystemRequirements.
Flavors: r-oldrel-macos-arm64, r-oldrel-macos-x86_64, r-oldrel-windows-x86_64