Last updated on 2025-02-05 17:50:04 CET.
Flavor | Version | Tinstall | Tcheck | Ttotal | Status | Flags |
---|---|---|---|---|---|---|
r-devel-linux-x86_64-debian-clang | 1.0.0 | 2.56 | 19.42 | 21.98 | OK | |
r-devel-linux-x86_64-debian-gcc | 1.0.0 | 2.25 | 15.66 | 17.91 | OK | |
r-devel-linux-x86_64-fedora-clang | 1.0.0 | 35.80 | OK | |||
r-devel-linux-x86_64-fedora-gcc | 1.0.0 | 33.79 | OK | |||
r-devel-windows-x86_64 | 1.0.0 | 5.00 | 44.00 | 49.00 | OK | |
r-patched-linux-x86_64 | 1.0.0 | 3.00 | 18.33 | 21.33 | NOTE | |
r-release-linux-x86_64 | 1.0.0 | 2.37 | 18.57 | 20.94 | NOTE | |
r-release-macos-arm64 | 1.0.0 | 16.00 | NOTE | |||
r-release-macos-x86_64 | 1.0.0 | 23.00 | NOTE | |||
r-release-windows-x86_64 | 1.0.0 | 5.00 | 56.00 | 61.00 | NOTE | |
r-oldrel-macos-arm64 | 1.0.0 | 20.00 | NOTE | |||
r-oldrel-macos-x86_64 | 1.0.0 | 21.00 | NOTE | |||
r-oldrel-windows-x86_64 | 1.0.0 | 5.00 | 46.00 | 51.00 | NOTE |
Version: 1.0.0
Check: LazyData
Result: NOTE
'LazyData' is specified without a 'data' directory
Flavors: r-patched-linux-x86_64, r-release-linux-x86_64, r-release-macos-arm64, r-release-macos-x86_64, r-release-windows-x86_64, r-oldrel-macos-arm64, r-oldrel-macos-x86_64, r-oldrel-windows-x86_64