Last updated on 2024-06-29 06:49:49 CEST.
Flavor | Version | Tinstall | Tcheck | Ttotal | Status | Flags |
---|---|---|---|---|---|---|
r-devel-linux-x86_64-debian-clang | 1.1.0 | 8.93 | 57.31 | 66.24 | NOTE | |
r-devel-linux-x86_64-debian-gcc | 1.1.0 | 6.61 | 41.49 | 48.10 | NOTE | |
r-devel-linux-x86_64-fedora-clang | 1.1.0 | 82.32 | NOTE | |||
r-devel-linux-x86_64-fedora-gcc | 1.1.0 | 76.77 | NOTE | |||
r-devel-windows-x86_64 | 1.1.0 | 8.00 | 70.00 | 78.00 | NOTE | |
r-patched-linux-x86_64 | 1.1.0 | 9.49 | 54.08 | 63.57 | NOTE | |
r-release-linux-x86_64 | 1.1.0 | 5.09 | 54.40 | 59.49 | NOTE | |
r-release-macos-arm64 | 1.1.0 | 27.00 | NOTE | |||
r-release-macos-x86_64 | 1.1.0 | 38.00 | NOTE | |||
r-release-windows-x86_64 | 1.1.0 | 9.00 | 69.00 | 78.00 | NOTE | |
r-oldrel-macos-arm64 | 1.1.0 | 25.00 | NOTE | |||
r-oldrel-macos-x86_64 | 1.1.0 | 39.00 | NOTE | |||
r-oldrel-windows-x86_64 | 1.1.0 | 11.00 | 80.00 | 91.00 | NOTE |
Version: 1.1.0
Check: package dependencies
Result: NOTE
Package suggested but not available for checking: ‘DMwR’
Flavors: r-devel-linux-x86_64-debian-clang, r-devel-linux-x86_64-debian-gcc, r-devel-linux-x86_64-fedora-clang, r-devel-linux-x86_64-fedora-gcc, r-devel-windows-x86_64, r-patched-linux-x86_64, r-release-linux-x86_64, r-release-macos-arm64, r-release-macos-x86_64, r-release-windows-x86_64, r-oldrel-macos-arm64, r-oldrel-macos-x86_64, r-oldrel-windows-x86_64
Version: 1.1.0
Check: Rd files
Result: NOTE
checkRd: (-1) classificationMetrics.Rd:85: Lost braces; missing escapes or markup?
85 | will use some extra notation, namely: TP = #{p == + & t == +} ; FP =
| ^
checkRd: (-1) classificationMetrics.Rd:86: Lost braces; missing escapes or markup?
86 | #{p == + & t == -} ; TN = #{p == - & t == -}; FN = #{p == - & t == +}
| ^
checkRd: (-1) classificationMetrics.Rd:86: Lost braces; missing escapes or markup?
86 | #{p == + & t == -} ; TN = #{p == - & t == -}; FN = #{p == - & t == +}
| ^
checkRd: (-1) classificationMetrics.Rd:86: Lost braces; missing escapes or markup?
86 | #{p == + & t == -} ; TN = #{p == - & t == -}; FN = #{p == - & t == +}
| ^
checkRd: (-1) classificationMetrics.Rd:87: Lost braces; missing escapes or markup?
87 | ; P = #{t == +} ; N = #{t == -}; Finally, for some descriptions
| ^
checkRd: (-1) classificationMetrics.Rd:87: Lost braces; missing escapes or markup?
87 | ; P = #{t == +} ; N = #{t == -}; Finally, for some descriptions
| ^
Flavors: r-devel-linux-x86_64-debian-clang, r-devel-linux-x86_64-debian-gcc, r-devel-linux-x86_64-fedora-clang, r-devel-linux-x86_64-fedora-gcc, r-devel-windows-x86_64, r-patched-linux-x86_64, r-release-linux-x86_64, r-release-macos-arm64, r-release-macos-x86_64, r-release-windows-x86_64
Version: 1.1.0
Check: LazyData
Result: NOTE
'LazyData' is specified without a 'data' directory
Flavors: r-devel-linux-x86_64-debian-clang, r-devel-linux-x86_64-debian-gcc, r-devel-linux-x86_64-fedora-clang, r-devel-linux-x86_64-fedora-gcc, r-devel-windows-x86_64, r-patched-linux-x86_64, r-release-linux-x86_64, r-release-macos-arm64, r-release-macos-x86_64, r-release-windows-x86_64, r-oldrel-macos-arm64, r-oldrel-macos-x86_64, r-oldrel-windows-x86_64