CRAN Package Check Results for Package pepr

Last updated on 2025-06-30 18:49:48 CEST.

Flavor Version Tinstall Tcheck Ttotal Status Flags
r-devel-linux-x86_64-debian-clang 0.5.0 4.81 70.63 75.44 NOTE
r-devel-linux-x86_64-debian-gcc 0.5.0 4.13 53.46 57.59 NOTE
r-devel-linux-x86_64-fedora-clang 0.5.0 111.62 OK
r-devel-linux-x86_64-fedora-gcc 0.5.0 119.05 OK
r-devel-windows-x86_64 0.5.0 8.00 104.00 112.00 OK
r-patched-linux-x86_64 OK
r-release-linux-x86_64 0.5.0 5.01 65.53 70.54 OK
r-release-macos-arm64 0.5.0 59.00 OK
r-release-macos-x86_64 0.5.0 91.00 OK
r-release-windows-x86_64 0.5.0 8.00 101.00 109.00 OK
r-oldrel-macos-arm64 0.5.0 46.00 OK
r-oldrel-macos-x86_64 0.5.0 68.00 OK
r-oldrel-windows-x86_64 0.5.0 9.00 110.00 119.00 OK

Check Details

Version: 0.5.0
Check: CRAN incoming feasibility
Result: NOTE Maintainer: ‘Nathan Sheffield <nathan@code.databio.org>’ The BugReports field in DESCRIPTION has https://github.com/pepkit/pepr which should likely be https://github.com/pepkit/pepr/issues instead. Flavors: r-devel-linux-x86_64-debian-clang, r-devel-linux-x86_64-debian-gcc