Last updated on 2024-06-15 17:57:40 CEST.
Flavor | Version | Tinstall | Tcheck | Ttotal | Status | Flags |
---|---|---|---|---|---|---|
r-devel-linux-x86_64-debian-clang | 0.1.3 | 19.34 | 180.15 | 199.49 | OK | |
r-devel-linux-x86_64-debian-gcc | 0.1.3 | 15.60 | 136.06 | 151.66 | OK | |
r-devel-linux-x86_64-fedora-clang | 0.1.3 | 257.66 | NOTE | |||
r-devel-linux-x86_64-fedora-gcc | 0.1.3 | 255.85 | NOTE | |||
r-devel-windows-x86_64 | 0.1.3 | 17.00 | 130.00 | 147.00 | OK | |
r-patched-linux-x86_64 | 0.1.3 | 12.95 | 170.37 | 183.32 | OK | |
r-release-linux-x86_64 | 0.1.3 | 17.90 | 174.72 | 192.62 | OK | |
r-release-macos-arm64 | 0.1.3 | 70.00 | OK | |||
r-release-macos-x86_64 | 0.1.3 | 110.00 | OK | |||
r-release-windows-x86_64 | 0.1.3 | 20.00 | 132.00 | 152.00 | OK | |
r-oldrel-macos-arm64 | 0.1.3 | 73.00 | OK | |||
r-oldrel-macos-x86_64 | 0.1.3 | 125.00 | OK | |||
r-oldrel-windows-x86_64 | 0.1.3 | 24.00 | 165.00 | 189.00 | OK |
Version: 0.1.3
Check: dependencies in R code
Result: NOTE
Namespaces in Imports field not imported from:
‘clusterProfiler’ ‘purrr’
All declared Imports should be used.
Flavors: r-devel-linux-x86_64-fedora-clang, r-devel-linux-x86_64-fedora-gcc