Last updated on 2025-02-05 17:50:04 CET.
Flavor | Version | Tinstall | Tcheck | Ttotal | Status | Flags |
---|---|---|---|---|---|---|
r-devel-linux-x86_64-debian-clang | 0.4.1 | 35.60 | 29.48 | 65.08 | NOTE | |
r-devel-linux-x86_64-debian-gcc | 0.4.1 | 29.41 | 22.76 | 52.17 | NOTE | |
r-devel-linux-x86_64-fedora-clang | 0.4.1 | 116.84 | NOTE | |||
r-devel-linux-x86_64-fedora-gcc | 0.4.1 | 147.55 | NOTE | |||
r-devel-windows-x86_64 | 0.4.1 | 40.00 | 70.00 | 110.00 | NOTE | |
r-patched-linux-x86_64 | 0.4.1 | 40.98 | 27.68 | 68.66 | NOTE | |
r-release-linux-x86_64 | 0.4.1 | 38.71 | 27.98 | 66.69 | NOTE | |
r-release-macos-arm64 | 0.4.1 | 40.00 | NOTE | |||
r-release-macos-x86_64 | 0.4.1 | 49.00 | NOTE | |||
r-release-windows-x86_64 | 0.4.1 | 40.00 | 72.00 | 112.00 | NOTE | |
r-oldrel-macos-arm64 | 0.4.1 | 45.00 | NOTE | |||
r-oldrel-macos-x86_64 | 0.4.1 | 75.00 | NOTE | |||
r-oldrel-windows-x86_64 | 0.4.1 | 43.00 | 81.00 | 124.00 | NOTE |
Version: 0.4.1
Check: C++ specification
Result: NOTE
Specified C++11: please drop specification unless essential
Flavors: r-devel-linux-x86_64-debian-clang, r-devel-linux-x86_64-debian-gcc, r-devel-linux-x86_64-fedora-clang, r-devel-linux-x86_64-fedora-gcc, r-devel-windows-x86_64, r-patched-linux-x86_64, r-release-linux-x86_64, r-release-macos-arm64, r-release-macos-x86_64, r-release-windows-x86_64, r-oldrel-macos-arm64, r-oldrel-macos-x86_64, r-oldrel-windows-x86_64