CRAN Package Check Results for Package partition

Last updated on 2025-06-30 18:49:47 CEST.

Flavor Version Tinstall Tcheck Ttotal Status Flags
r-devel-linux-x86_64-debian-clang 0.2.2 69.55 244.53 314.08 OK
r-devel-linux-x86_64-debian-gcc 0.2.2 52.34 174.42 226.76 OK
r-devel-linux-x86_64-fedora-clang 0.2.2 529.71 OK
r-devel-linux-x86_64-fedora-gcc 0.2.2 505.35 OK
r-devel-windows-x86_64 0.2.2 82.00 306.00 388.00 OK
r-patched-linux-x86_64 OK
r-release-linux-x86_64 0.2.2 66.37 231.44 297.81 OK
r-release-macos-arm64 0.2.2 152.00 OK
r-release-macos-x86_64 0.2.2 275.00 OK
r-release-windows-x86_64 0.2.2 85.00 308.00 393.00 OK
r-oldrel-macos-arm64 0.2.2 146.00 NOTE
r-oldrel-macos-x86_64 0.2.2 238.00 NOTE
r-oldrel-windows-x86_64 0.2.2 99.00 380.00 479.00 OK

Check Details

Version: 0.2.2
Check: installed package size
Result: NOTE installed size is 6.0Mb sub-directories of 1Mb or more: libs 4.0Mb Flavors: r-oldrel-macos-arm64, r-oldrel-macos-x86_64