Last updated on 2025-11-25 17:49:59 CET.
| Flavor | Version | Tinstall | Tcheck | Ttotal | Status | Flags |
|---|---|---|---|---|---|---|
| r-devel-linux-x86_64-debian-clang | 0.28.2 | 30.96 | 412.22 | 443.18 | OK | |
| r-devel-linux-x86_64-debian-gcc | 0.28.2 | 17.82 | 261.33 | 279.15 | OK | |
| r-devel-linux-x86_64-fedora-clang | 0.28.2 | 129.00 | 618.83 | 747.83 | OK | |
| r-devel-linux-x86_64-fedora-gcc | 0.28.3 | 162.00 | 590.50 | 752.50 | OK | |
| r-devel-windows-x86_64 | 0.28.2 | 32.00 | 319.00 | 351.00 | OK | |
| r-patched-linux-x86_64 | 0.28.2 | 35.09 | 379.89 | 414.98 | OK | |
| r-release-linux-x86_64 | 0.28.2 | 31.23 | 379.03 | 410.26 | OK | |
| r-release-macos-arm64 | 0.28.3 | 9.00 | 104.00 | 113.00 | OK | |
| r-release-macos-x86_64 | 0.28.3 | 39.00 | 500.00 | 539.00 | OK | |
| r-release-windows-x86_64 | 0.28.2 | 32.00 | 317.00 | 349.00 | OK | |
| r-oldrel-macos-arm64 | 0.28.3 | 9.00 | 101.00 | 110.00 | NOTE | |
| r-oldrel-macos-x86_64 | 0.28.3 | 109.00 | 718.00 | 827.00 | OK | |
| r-oldrel-windows-x86_64 | 0.28.2 | 43.00 | 414.00 | 457.00 | NOTE |
Version: 0.28.3
Check: package dependencies
Result: NOTE
Package suggested but not available for checking: ‘M3C’
Flavor: r-oldrel-macos-arm64
Version: 0.28.2
Check: package dependencies
Result: NOTE
Package suggested but not available for checking: 'EGAnet'
Flavor: r-oldrel-windows-x86_64