Last updated on 2025-11-26 05:51:44 CET.
| Flavor | Version | Tinstall | Tcheck | Ttotal | Status | Flags |
|---|---|---|---|---|---|---|
| r-devel-linux-x86_64-debian-clang | 2.0 | 1.94 | 23.82 | 25.76 | NOTE | |
| r-devel-linux-x86_64-debian-gcc | 2.0 | 1.38 | 18.12 | 19.50 | NOTE | |
| r-devel-linux-x86_64-fedora-clang | 2.0 | 37.63 | OK | |||
| r-devel-linux-x86_64-fedora-gcc | 2.0 | 35.24 | OK | |||
| r-devel-windows-x86_64 | 2.0 | 3.00 | 41.00 | 44.00 | OK | |
| r-patched-linux-x86_64 | 2.0 | 2.06 | 21.96 | 24.02 | OK | |
| r-release-linux-x86_64 | 2.0 | 1.86 | 22.31 | 24.17 | OK | |
| r-release-macos-arm64 | 2.0 | OK | ||||
| r-release-macos-x86_64 | 2.0 | 2.00 | 28.00 | 30.00 | OK | |
| r-release-windows-x86_64 | 2.0 | 3.00 | 48.00 | 51.00 | OK | |
| r-oldrel-macos-arm64 | 2.0 | OK | ||||
| r-oldrel-macos-x86_64 | 2.0 | 2.00 | 26.00 | 28.00 | OK | |
| r-oldrel-windows-x86_64 | 2.0 | 3.00 | 46.00 | 49.00 | OK |
Version: 2.0
Check: CRAN incoming feasibility
Result: NOTE
Maintainer: ‘Erin Conlon <econlon@umass.edu>’
No Authors@R field in DESCRIPTION.
Please add one, modifying
Authors@R: c(person(given = "Alexey",
family = "Miroshnikov",
role = "aut"),
person(given = "Erin",
family = "Conlon",
role = c("aut", "cre"),
email = "econlon@umass.edu"))
as necessary.
Flavors: r-devel-linux-x86_64-debian-clang, r-devel-linux-x86_64-debian-gcc