Last updated on 2025-11-26 05:51:44 CET.
| Flavor | Version | Tinstall | Tcheck | Ttotal | Status | Flags |
|---|---|---|---|---|---|---|
| r-devel-linux-x86_64-debian-clang | 1.3.2 | 5.60 | 399.42 | 405.02 | OK | |
| r-devel-linux-x86_64-debian-gcc | 1.3.2 | 4.62 | 270.72 | 275.34 | OK | |
| r-devel-linux-x86_64-fedora-clang | 1.3.2 | 40.00 | 632.47 | 672.47 | OK | |
| r-devel-linux-x86_64-fedora-gcc | 1.3.2 | 13.00 | 592.12 | 605.12 | OK | |
| r-devel-windows-x86_64 | 1.3.2 | 11.00 | 364.00 | 375.00 | OK | |
| r-patched-linux-x86_64 | 1.3.2 | 7.00 | 389.89 | 396.89 | OK | |
| r-release-linux-x86_64 | 1.3.2 | 5.82 | 384.03 | 389.85 | OK | |
| r-release-macos-arm64 | 1.3.2 | OK | ||||
| r-release-macos-x86_64 | 1.3.2 | 7.00 | 229.00 | 236.00 | OK | |
| r-release-windows-x86_64 | 1.3.2 | 9.00 | 373.00 | 382.00 | OK | |
| r-oldrel-macos-arm64 | 1.3.2 | OK | ||||
| r-oldrel-macos-x86_64 | 1.3.2 | 7.00 | 239.00 | 246.00 | NOTE | |
| r-oldrel-windows-x86_64 | 1.3.2 | 12.00 | 517.00 | 529.00 | OK |
Version: 1.3.2
Check: package dependencies
Result: NOTE
Package suggested but not available for checking: ‘TreeSummarizedExperiment’
Flavor: r-oldrel-macos-x86_64