Last updated on 2024-08-16 06:50:07 CEST.
Flavor | Version | Tinstall | Tcheck | Ttotal | Status | Flags |
---|---|---|---|---|---|---|
r-devel-linux-x86_64-debian-clang | 1.0-5 | 4.18 | 59.02 | 63.20 | NOTE | |
r-devel-linux-x86_64-debian-gcc | 1.0-5 | 2.95 | 43.45 | 46.40 | NOTE | |
r-devel-linux-x86_64-fedora-clang | 1.0-5 | 101.01 | OK | |||
r-devel-linux-x86_64-fedora-gcc | 1.0-5 | 108.45 | OK | |||
r-devel-windows-x86_64 | 1.0-5 | 5.00 | 86.00 | 91.00 | NOTE | |
r-patched-linux-x86_64 | 1.0-5 | 11.69 | 55.73 | 67.42 | OK | |
r-release-linux-x86_64 | 1.0-5 | 4.01 | 56.99 | 61.00 | OK | |
r-release-macos-arm64 | 1.0-5 | 34.00 | OK | |||
r-release-macos-x86_64 | 1.0-5 | 56.00 | WARN | |||
r-release-windows-x86_64 | 1.0-5 | 6.00 | 87.00 | 93.00 | OK | |
r-oldrel-macos-arm64 | 1.0-5 | 40.00 | OK | |||
r-oldrel-macos-x86_64 | 1.0-5 | 68.00 | OK | |||
r-oldrel-windows-x86_64 | 1.0-5 | 7.00 | 95.00 | 102.00 | OK |
Version: 1.0-5
Check: Rd cross-references
Result: NOTE
Found the following Rd file(s) with Rd \link{} targets missing package
anchors:
Anova.lme.Rd: anova.lme
confint.Rd: ci
labels.data.frame.Rd: read.spss
prettify.Rd: Anova, summary.lme, summary.coxph, ci
Please provide package anchors for all Rd \link{} targets not in the
package itself and the base packages.
Flavors: r-devel-linux-x86_64-debian-clang, r-devel-linux-x86_64-debian-gcc, r-devel-windows-x86_64
Version: 1.0-5
Check: re-building of vignette outputs
Result: WARN
Error(s) in re-building vignettes:
--- re-building ‘papeR_introduction.Rmd’ using rmarkdown
--- finished re-building ‘papeR_introduction.Rmd’
--- re-building ‘papeR_with_latex.Rnw’ using knitr
Error: processing vignette 'papeR_with_latex.Rnw' failed with diagnostics:
Running 'texi2dvi' on 'papeR_with_latex.tex' failed.
LaTeX errors:
! Undefined control sequence.
l.99 \hlkwd{library}\hldef
{(}\hlsng{"papeR"}\hldef{)}
?
! Emergency stop.
! Emergency stop.
l.99
End of file on the terminal!
! ==> Fatal error occurred, no output PDF file produced!
--- failed re-building ‘papeR_with_latex.Rnw’
SUMMARY: processing the following file failed:
‘papeR_with_latex.Rnw’
Error: Vignette re-building failed.
Execution halted
Flavor: r-release-macos-x86_64