CRAN Package Check Results for Package pannotator

Last updated on 2025-11-25 17:49:58 CET.

Flavor Version Tinstall Tcheck Ttotal Status Flags
r-devel-linux-x86_64-debian-clang 1.0.0.4 0.38 3.03 3.41 ERROR
r-devel-linux-x86_64-debian-gcc 1.0.0.4 0.36 2.64 3.00 ERROR
r-devel-linux-x86_64-fedora-clang 1.0.0.4 2.98 ERROR
r-devel-linux-x86_64-fedora-gcc 1.0.0.4 3.03 ERROR
r-devel-windows-x86_64 1.0.0.4 18.00 69.00 87.00 NOTE
r-patched-linux-x86_64 1.0.0.4 9.59 52.30 61.89 NOTE
r-release-linux-x86_64 1.0.0.4 9.83 52.82 62.65 NOTE
r-release-macos-arm64 1.0.0.4 NOTE
r-release-macos-x86_64 1.0.0.4 10.00 70.00 80.00 NOTE
r-release-windows-x86_64 1.0.0.4 41.00 70.00 111.00 NOTE
r-oldrel-macos-arm64 1.0.0.4 OK
r-oldrel-macos-x86_64 1.0.0.4 10.00 60.00 70.00 OK
r-oldrel-windows-x86_64 1.0.0.4 18.00 83.00 101.00 OK

Check Details

Version: 1.0.0.4
Check: package dependencies
Result: ERROR Package required but not available: ‘geojsonsf’ See section ‘The DESCRIPTION file’ in the ‘Writing R Extensions’ manual. Flavors: r-devel-linux-x86_64-debian-clang, r-devel-linux-x86_64-debian-gcc, r-devel-linux-x86_64-fedora-gcc

Version: 1.0.0.4
Check: package dependencies
Result: ERROR Package required but not available: ‘geojsonsf’ Imports includes 27 non-default packages. Importing from so many packages makes the package vulnerable to any of them becoming unavailable. Move as many as possible to Suggests and use conditionally. See section ‘The DESCRIPTION file’ in the ‘Writing R Extensions’ manual. Flavor: r-devel-linux-x86_64-fedora-clang

Version: 1.0.0.4
Check: DESCRIPTION meta-information
Result: NOTE Missing dependency on R >= 4.1.0 because package code uses the pipe |> or function shorthand \(...) syntax added in R 4.1.0. File(s) using such syntax: 'mod_control_form.R' 'mod_leaflet_map.R' Flavors: r-devel-windows-x86_64, r-patched-linux-x86_64, r-release-linux-x86_64, r-release-macos-arm64, r-release-macos-x86_64, r-release-windows-x86_64