Last updated on 2025-02-05 17:50:03 CET.
Flavor | Version | Tinstall | Tcheck | Ttotal | Status | Flags |
---|---|---|---|---|---|---|
r-devel-linux-x86_64-debian-clang | 0.5.93 | 15.45 | 149.39 | 164.84 | NOTE | |
r-devel-linux-x86_64-debian-gcc | 0.5.93 | 10.65 | 105.19 | 115.84 | NOTE | |
r-devel-linux-x86_64-fedora-clang | 0.5.93 | 260.50 | NOTE | |||
r-devel-linux-x86_64-fedora-gcc | 0.5.93 | 242.48 | NOTE | |||
r-devel-windows-x86_64 | 0.5.93 | 16.00 | 166.00 | 182.00 | NOTE | |
r-patched-linux-x86_64 | 0.5.93 | 23.70 | 139.63 | 163.33 | OK | |
r-release-linux-x86_64 | 0.5.93 | 15.13 | 140.76 | 155.89 | OK | |
r-release-macos-arm64 | 0.5.93 | 73.00 | OK | |||
r-release-macos-x86_64 | 0.5.93 | 107.00 | OK | |||
r-release-windows-x86_64 | 0.5.93 | 16.00 | 165.00 | 181.00 | OK | |
r-oldrel-macos-arm64 | 0.5.93 | 82.00 | OK | |||
r-oldrel-macos-x86_64 | 0.5.93 | 135.00 | OK | |||
r-oldrel-windows-x86_64 | 0.5.93 | 20.00 | 203.00 | 223.00 | OK |
Version: 0.5.93
Check: DESCRIPTION meta-information
Result: NOTE
Missing dependency on R >= 4.1.0 because package code uses the pipe
|> or function shorthand \(...) syntax added in R 4.1.0.
File(s) using such syntax:
‘make-newdata.R’
Flavors: r-devel-linux-x86_64-debian-clang, r-devel-linux-x86_64-debian-gcc, r-devel-linux-x86_64-fedora-clang, r-devel-linux-x86_64-fedora-gcc, r-devel-windows-x86_64
Version: 0.5.93
Check: Rd cross-references
Result: NOTE
Found the following Rd file(s) with Rd \link{} targets missing package
anchors:
pammtools.Rd: Stat
Please provide package anchors for all Rd \link{} targets not in the
package itself and the base packages.
Flavors: r-devel-linux-x86_64-debian-clang, r-devel-linux-x86_64-debian-gcc, r-devel-windows-x86_64