Last updated on 2024-06-29 06:49:49 CEST.
Flavor | Version | Tinstall | Tcheck | Ttotal | Status | Flags |
---|---|---|---|---|---|---|
r-devel-linux-x86_64-debian-clang | 1.15.2 | 4.52 | 244.11 | 248.63 | NOTE | |
r-devel-linux-x86_64-debian-gcc | 1.15.2 | 4.63 | 187.18 | 191.81 | NOTE | |
r-devel-linux-x86_64-fedora-clang | 1.15.2 | 315.72 | NOTE | |||
r-devel-linux-x86_64-fedora-gcc | 1.15.2 | 330.69 | NOTE | |||
r-devel-windows-x86_64 | 1.15.2 | 8.00 | 350.00 | 358.00 | NOTE | |
r-patched-linux-x86_64 | 1.15.2 | 6.66 | 234.37 | 241.03 | NOTE | |
r-release-linux-x86_64 | 1.15.2 | 5.59 | 233.58 | 239.17 | NOTE | |
r-release-macos-arm64 | 1.15.2 | 170.00 | NOTE | |||
r-release-macos-x86_64 | 1.15.2 | 238.00 | NOTE | |||
r-release-windows-x86_64 | 1.15.2 | 11.00 | 349.00 | 360.00 | NOTE | |
r-oldrel-macos-arm64 | 1.15.2 | 182.00 | OK | |||
r-oldrel-macos-x86_64 | 1.15.2 | 266.00 | OK | |||
r-oldrel-windows-x86_64 | 1.15.2 | 10.00 | 386.00 | 396.00 | OK |
Version: 1.15.2
Check: Rd files
Result: NOTE
checkRd: (-1) lint_package.Rd:20: Lost braces
20 | code{\link[lintr:lint_package]{lintr::lint_package}} where we hardcode the
| ^
checkRd: (-1) provide_news_rd.Rd:22: Lost braces
22 | Christian Vonderach uses the index thus wants file{inst/NEWS.rd} to
| ^
checkRd: (-1) provide_news_rd.Rd:23: Lost braces
23 | automatically be in sync with file{./NEWS.md}.
| ^
Flavors: r-devel-linux-x86_64-debian-clang, r-devel-linux-x86_64-debian-gcc, r-devel-linux-x86_64-fedora-clang, r-devel-linux-x86_64-fedora-gcc, r-devel-windows-x86_64, r-patched-linux-x86_64, r-release-linux-x86_64, r-release-macos-arm64, r-release-macos-x86_64, r-release-windows-x86_64