Last updated on 2025-02-10 17:49:18 CET.
Flavor | Version | Tinstall | Tcheck | Ttotal | Status | Flags |
---|---|---|---|---|---|---|
r-devel-linux-x86_64-debian-clang | 0.5.1 | 3.33 | 38.34 | 41.67 | NOTE | |
r-devel-linux-x86_64-debian-gcc | 0.5.1 | 3.16 | 28.24 | 31.40 | NOTE | |
r-devel-linux-x86_64-fedora-clang | 0.5.1 | 69.77 | NOTE | |||
r-devel-linux-x86_64-fedora-gcc | 0.5.1 | 64.39 | NOTE | |||
r-devel-windows-x86_64 | 0.5.1 | 6.00 | 57.00 | 63.00 | NOTE | |
r-patched-linux-x86_64 | 0.5.1 | 5.01 | 36.81 | 41.82 | NOTE | |
r-release-linux-x86_64 | 0.5.1 | 4.41 | 36.15 | 40.56 | NOTE | |
r-release-macos-arm64 | 0.5.1 | 23.00 | NOTE | |||
r-release-macos-x86_64 | 0.5.1 | 32.00 | NOTE | |||
r-release-windows-x86_64 | 0.5.1 | 7.00 | 57.00 | 64.00 | NOTE | |
r-oldrel-macos-arm64 | 0.5.1 | 23.00 | OK | |||
r-oldrel-macos-x86_64 | 0.5.1 | 36.00 | OK | |||
r-oldrel-windows-x86_64 | 0.5.1 | 7.00 | 62.00 | 69.00 | OK |
Version: 0.5.1
Check: Rd files
Result: NOTE
checkRd: (-1) otp_create_surface.Rd:33: Lost braces; missing escapes or markup?
33 | The file will be named surface_{id}.tiff, with {id} replaced by the OTP id assigned
| ^
checkRd: (-1) otp_create_surface.Rd:33: Lost braces; missing escapes or markup?
33 | The file will be named surface_{id}.tiff, with {id} replaced by the OTP id assigned
| ^
Flavors: r-devel-linux-x86_64-debian-clang, r-devel-linux-x86_64-debian-gcc, r-devel-linux-x86_64-fedora-clang, r-devel-linux-x86_64-fedora-gcc, r-devel-windows-x86_64, r-patched-linux-x86_64, r-release-linux-x86_64, r-release-macos-arm64, r-release-macos-x86_64, r-release-windows-x86_64