Last updated on 2025-05-16 06:49:45 CEST.
Flavor | Version | Tinstall | Tcheck | Ttotal | Status | Flags |
---|---|---|---|---|---|---|
r-devel-linux-x86_64-debian-clang | 1.0-8 | 2.65 | 26.24 | 28.89 | NOTE | |
r-devel-linux-x86_64-debian-gcc | 1.0-8 | 2.09 | 21.16 | 23.25 | NOTE | |
r-devel-linux-x86_64-fedora-clang | 1.0-8 | 46.73 | OK | |||
r-devel-linux-x86_64-fedora-gcc | 1.0-8 | 57.05 | OK | |||
r-devel-windows-x86_64 | 1.0-8 | 6.00 | 69.00 | 75.00 | OK | |
r-patched-linux-x86_64 | 1.0-8 | 2.55 | 25.34 | 27.89 | OK | |
r-release-linux-x86_64 | 1.0-8 | 2.41 | 25.40 | 27.81 | OK | |
r-release-macos-arm64 | 1.0-8 | 27.00 | OK | |||
r-release-macos-x86_64 | 1.0-8 | 48.00 | OK | |||
r-release-windows-x86_64 | 1.0-8 | 6.00 | 69.00 | 75.00 | OK | |
r-oldrel-macos-arm64 | 1.0-8 | 25.00 | OK | |||
r-oldrel-macos-x86_64 | 1.0-8 | 35.00 | OK | |||
r-oldrel-windows-x86_64 | 1.0-8 | 6.00 | 69.00 | 75.00 | OK |
Version: 1.0-8
Check: CRAN incoming feasibility
Result: NOTE
Maintainer: ‘Zhu Wang <zwang145@uthsc.edu>’
No Authors@R field in DESCRIPTION.
Please add one, modifying
Authors@R: person(given = "Zhu",
family = "Wang",
role = c("aut", "cre"),
email = "https://orcid.org/0000-0002-0773-0052")
as necessary.
Flavors: r-devel-linux-x86_64-debian-clang, r-devel-linux-x86_64-debian-gcc