CRAN Package Check Results for Package orderstats

Last updated on 2025-11-17 05:49:45 CET.

Flavor Version Tinstall Tcheck Ttotal Status Flags
r-devel-linux-x86_64-debian-clang 0.1.0 1.60 19.12 20.72 NOTE
r-devel-linux-x86_64-debian-gcc 0.1.0 1.38 16.27 17.65 NOTE
r-devel-linux-x86_64-fedora-clang 0.1.0 30.01 OK
r-devel-linux-x86_64-fedora-gcc 0.1.0 29.87 OK
r-devel-windows-x86_64 0.1.0 3.00 38.00 41.00 OK
r-patched-linux-x86_64 0.1.0 1.59 17.88 19.47 OK
r-release-linux-x86_64 0.1.0 1.47 17.68 19.15 OK
r-release-macos-arm64 0.1.0 1.00 13.00 14.00 OK
r-release-macos-x86_64 0.1.0 1.00 20.00 21.00 OK
r-release-windows-x86_64 0.1.0 3.00 37.00 40.00 OK
r-oldrel-macos-arm64 0.1.0 1.00 14.00 15.00 NOTE
r-oldrel-macos-x86_64 0.1.0 1.00 21.00 22.00 NOTE
r-oldrel-windows-x86_64 0.1.0 3.00 37.00 40.00 NOTE

Check Details

Version: 0.1.0
Check: CRAN incoming feasibility
Result: NOTE Maintainer: ‘Christian Sims <christian_j_sims@yahoo.com>’ No Authors@R field in DESCRIPTION. Please add one, modifying Authors@R: person(given = "Christian", family = "Sims", role = c("aut", "cre"), email = "christian_j_sims@yahoo.com") as necessary. Flavors: r-devel-linux-x86_64-debian-clang, r-devel-linux-x86_64-debian-gcc

Version: 0.1.0
Check: LazyData
Result: NOTE 'LazyData' is specified without a 'data' directory Flavors: r-oldrel-macos-arm64, r-oldrel-macos-x86_64, r-oldrel-windows-x86_64