Last updated on 2025-11-26 05:51:44 CET.
| Flavor | Version | Tinstall | Tcheck | Ttotal | Status | Flags |
|---|---|---|---|---|---|---|
| r-devel-linux-x86_64-debian-clang | 1.0 | 13.53 | 112.33 | 125.86 | NOTE | |
| r-devel-linux-x86_64-debian-gcc | 1.0 | 9.45 | 89.85 | 99.30 | NOTE | |
| r-devel-linux-x86_64-fedora-clang | 1.0 | 30.00 | 162.46 | 192.46 | NOTE | |
| r-devel-linux-x86_64-fedora-gcc | 1.0 | 29.00 | 153.40 | 182.40 | NOTE | |
| r-devel-windows-x86_64 | 1.0 | 19.00 | 113.00 | 132.00 | OK | |
| r-patched-linux-x86_64 | 1.0 | 11.72 | 108.59 | 120.31 | OK | |
| r-release-linux-x86_64 | 1.0 | 11.27 | 108.65 | 119.92 | OK | |
| r-release-macos-arm64 | 1.0 | OK | ||||
| r-release-macos-x86_64 | 1.0 | 7.00 | 73.00 | 80.00 | OK | |
| r-release-windows-x86_64 | 1.0 | 14.00 | 120.00 | 134.00 | OK | |
| r-oldrel-macos-arm64 | 1.0 | OK | ||||
| r-oldrel-macos-x86_64 | 1.0 | 5.00 | 55.00 | 60.00 | OK | |
| r-oldrel-windows-x86_64 | 1.0 | 20.00 | 151.00 | 171.00 | OK |
Version: 1.0
Check: CRAN incoming feasibility
Result: NOTE
Maintainer: ‘Robin Wellmann <r.wellmann@uni-hohenheim.de>’
No Authors@R field in DESCRIPTION.
Please add one, modifying
Authors@R: person(given = "Robin",
family = "Wellmann",
role = c("aut", "cre"),
email = "r.wellmann@uni-hohenheim.de")
as necessary.
Flavors: r-devel-linux-x86_64-debian-clang, r-devel-linux-x86_64-debian-gcc
Version: 1.0
Check: dependencies in R code
Result: NOTE
Namespace in Imports field not imported from: ‘Matrix’
All declared Imports should be used.
Flavors: r-devel-linux-x86_64-fedora-clang, r-devel-linux-x86_64-fedora-gcc