Last updated on 2025-11-26 05:51:44 CET.
| Flavor | Version | Tinstall | Tcheck | Ttotal | Status | Flags |
|---|---|---|---|---|---|---|
| r-devel-linux-x86_64-debian-clang | 1.8.0 | 12.94 | 126.56 | 139.50 | NOTE | |
| r-devel-linux-x86_64-debian-gcc | 1.8.0 | 8.43 | 96.31 | 104.74 | NOTE | |
| r-devel-linux-x86_64-fedora-clang | 1.8.0 | 26.00 | 189.64 | 215.64 | NOTE | |
| r-devel-linux-x86_64-fedora-gcc | 1.8.0 | 27.00 | 191.75 | 218.75 | NOTE | |
| r-devel-windows-x86_64 | 1.8.0 | 16.00 | 130.00 | 146.00 | NOTE | |
| r-patched-linux-x86_64 | 1.8.0 | 12.85 | 122.00 | 134.85 | NOTE | |
| r-release-linux-x86_64 | 1.8.0 | 11.49 | 120.34 | 131.83 | NOTE | |
| r-release-macos-arm64 | 1.8.0 | NOTE | ||||
| r-release-macos-x86_64 | 1.8.0 | 10.00 | 123.00 | 133.00 | NOTE | |
| r-release-windows-x86_64 | 1.8.0 | 15.00 | 130.00 | 145.00 | NOTE | |
| r-oldrel-macos-arm64 | 1.8.0 | NOTE | ||||
| r-oldrel-macos-x86_64 | 1.8.0 | 7.00 | 88.00 | 95.00 | NOTE | |
| r-oldrel-windows-x86_64 | 1.8.0 | 20.00 | 176.00 | 196.00 | NOTE |
Version: 1.8.0
Check: CRAN incoming feasibility
Result: NOTE
Maintainer: ‘Monsuru Adepeju <monsuur2010@yahoo.com>’
No Authors@R field in DESCRIPTION.
Please add one, modifying
Authors@R: c(person(given = "Monsuru",
family = "Adepeju,",
role = c("cre", "aut")),
person(given = "Monsuru",
family = "Adepeju",
role = "cre",
email = "monsuur2010@yahoo.com"))
as necessary.
The BugReports field in DESCRIPTION has
https://github.com/MAnalytics/opitools/issues/1
which should likely be
https://github.com/MAnalytics/opitools/issues/1/issues
instead.
Flavors: r-devel-linux-x86_64-debian-clang, r-devel-linux-x86_64-debian-gcc
Version: 1.8.0
Check: package subdirectories
Result: NOTE
Problems with news in ‘NEWS.md’:
No news entries found.
Flavors: r-devel-linux-x86_64-debian-clang, r-devel-linux-x86_64-debian-gcc, r-devel-linux-x86_64-fedora-clang, r-devel-linux-x86_64-fedora-gcc, r-devel-windows-x86_64, r-patched-linux-x86_64, r-release-linux-x86_64, r-release-macos-arm64, r-release-macos-x86_64, r-release-windows-x86_64, r-oldrel-macos-arm64, r-oldrel-macos-x86_64, r-oldrel-windows-x86_64
Version: 1.8.0
Check: Rd files
Result: NOTE
checkRd: (-1) word_imp.Rd:14: Lost braces
14 | number of individual records. An \code{n} x code{2} dataframe can
| ^
Flavors: r-devel-linux-x86_64-debian-clang, r-devel-linux-x86_64-debian-gcc, r-devel-linux-x86_64-fedora-clang, r-devel-linux-x86_64-fedora-gcc, r-devel-windows-x86_64, r-patched-linux-x86_64, r-release-linux-x86_64, r-release-macos-arm64, r-release-macos-x86_64, r-release-windows-x86_64, r-oldrel-macos-arm64, r-oldrel-macos-x86_64, r-oldrel-windows-x86_64