Last updated on 2025-11-17 17:49:46 CET.
| Flavor | Version | Tinstall | Tcheck | Ttotal | Status | Flags |
|---|---|---|---|---|---|---|
| r-devel-linux-x86_64-debian-clang | 0.1.2 | 28.63 | 23.11 | 51.74 | OK | |
| r-devel-linux-x86_64-debian-gcc | 0.1.2 | 22.57 | 18.16 | 40.73 | NOTE | |
| r-devel-linux-x86_64-fedora-clang | 0.1.2 | 66.00 | 17.28 | 83.28 | OK | |
| r-devel-linux-x86_64-fedora-gcc | 0.1.2 | 70.00 | 12.26 | 82.26 | OK | |
| r-devel-windows-x86_64 | 0.1.2 | 27.00 | 36.00 | 63.00 | OK | |
| r-patched-linux-x86_64 | 0.1.2 | 28.78 | 21.74 | 50.52 | OK | |
| r-release-linux-x86_64 | 0.1.2 | 28.60 | 22.12 | 50.72 | OK | |
| r-release-macos-arm64 | 0.1.2 | 17.00 | 15.00 | 32.00 | OK | |
| r-release-macos-x86_64 | 0.1.2 | 29.00 | 29.00 | 58.00 | OK | |
| r-release-windows-x86_64 | 0.1.2 | 27.00 | 36.00 | 63.00 | OK | |
| r-oldrel-macos-arm64 | 0.1.2 | 18.00 | 14.00 | 32.00 | OK | |
| r-oldrel-macos-x86_64 | 0.1.2 | 22.00 | 19.00 | 41.00 | OK | |
| r-oldrel-windows-x86_64 | 0.1.2 | 26.00 | 40.00 | 66.00 | OK |
Version: 0.1.2
Check: CRAN incoming feasibility
Result: NOTE
Maintainer: ‘Allan Quadros <allanvcq@gmail.com>’
The BugReports field in DESCRIPTION has
https://github.com/allanvc/onlineretail/issues/
which should likely be
https://github.com/allanvc/onlineretail/issues/issues
instead.
Flavor: r-devel-linux-x86_64-debian-gcc