Last updated on 2024-06-15 17:57:40 CEST.
Flavor | Version | Tinstall | Tcheck | Ttotal | Status | Flags |
---|---|---|---|---|---|---|
r-devel-linux-x86_64-debian-clang | 1.0.2 | 56.55 | 439.43 | 495.98 | OK | |
r-devel-linux-x86_64-debian-gcc | 1.0.2 | 34.46 | 308.01 | 342.47 | OK | |
r-devel-linux-x86_64-fedora-clang | 1.0.2 | 656.79 | OK | |||
r-devel-linux-x86_64-fedora-gcc | 1.0.2 | 614.60 | OK | |||
r-devel-windows-x86_64 | 1.0.2 | 42.00 | 332.00 | 374.00 | OK | |
r-patched-linux-x86_64 | 1.0.2 | 45.53 | 425.08 | 470.61 | OK | |
r-release-linux-x86_64 | 1.0.2 | 41.97 | 426.21 | 468.18 | OK | |
r-release-macos-arm64 | 1.0.2 | 133.00 | NOTE | |||
r-release-macos-x86_64 | 1.0.2 | 203.00 | NOTE | |||
r-release-windows-x86_64 | 1.0.2 | 43.00 | 338.00 | 381.00 | OK | |
r-oldrel-macos-arm64 | 1.0.2 | 157.00 | NOTE | |||
r-oldrel-macos-x86_64 | 1.0.2 | 418.00 | NOTE | |||
r-oldrel-windows-x86_64 | 1.0.2 | 55.00 | 410.00 | 465.00 | OK |
Version: 1.0.2
Check: installed package size
Result: NOTE
installed size is 5.6Mb
sub-directories of 1Mb or more:
doc 3.2Mb
libs 1.6Mb
Flavors: r-release-macos-arm64, r-release-macos-x86_64, r-oldrel-macos-arm64, r-oldrel-macos-x86_64