CRAN Package Check Results for Package onlinePCA

Last updated on 2025-11-26 05:51:44 CET.

Flavor Version Tinstall Tcheck Ttotal Status Flags
r-devel-linux-x86_64-debian-clang 1.3.2 36.39 64.05 100.44 NOTE
r-devel-linux-x86_64-debian-gcc 1.3.2 20.38 48.32 68.70 NOTE
r-devel-linux-x86_64-fedora-clang 1.3.2 70.00 97.76 167.76 OK
r-devel-linux-x86_64-fedora-gcc 1.3.2 51.00 99.46 150.46 OK
r-devel-windows-x86_64 1.3.2 48.00 88.00 136.00 OK
r-patched-linux-x86_64 1.3.2 35.01 60.13 95.14 OK
r-release-linux-x86_64 1.3.2 33.44 60.09 93.53 OK
r-release-macos-arm64 1.3.2 OK
r-release-macos-x86_64 1.3.2 22.00 53.00 75.00 OK
r-release-windows-x86_64 1.3.2 43.00 100.00 143.00 OK
r-oldrel-macos-arm64 1.3.2 OK
r-oldrel-macos-x86_64 1.3.2 16.00 42.00 58.00 OK
r-oldrel-windows-x86_64 1.3.2 52.00 116.00 168.00 OK

Check Details

Version: 1.3.2
Check: CRAN incoming feasibility
Result: NOTE Maintainer: ‘David Degras <ddegrasv@gmail.com>’ No Authors@R field in DESCRIPTION. Please add one, modifying Authors@R: c(person(given = "David", family = "Degras", role = c("aut", "cre"), email = "ddegrasv@gmail.com"), person(given = "Herve", family = "Cardot", role = "ctb")) as necessary. Flavors: r-devel-linux-x86_64-debian-clang, r-devel-linux-x86_64-debian-gcc