CRAN Package Check Results for Package onehot

Last updated on 2025-11-26 05:51:44 CET.

Flavor Version Tinstall Tcheck Ttotal Status Flags
r-devel-linux-x86_64-debian-clang 0.1.1 2.12 18.07 20.19 NOTE
r-devel-linux-x86_64-debian-gcc 0.1.1 1.84 15.72 17.56 NOTE
r-devel-linux-x86_64-fedora-clang 0.1.1 30.33 OK
r-devel-linux-x86_64-fedora-gcc 0.1.1 28.56 OK
r-devel-windows-x86_64 0.1.1 6.00 33.00 39.00 OK
r-patched-linux-x86_64 0.1.1 2.04 17.20 19.24 OK
r-release-linux-x86_64 0.1.1 2.09 17.12 19.21 OK
r-release-macos-arm64 0.1.1 OK
r-release-macos-x86_64 0.1.1 3.00 20.00 23.00 OK
r-release-windows-x86_64 0.1.1 5.00 35.00 40.00 OK
r-oldrel-macos-arm64 0.1.1 NOTE
r-oldrel-macos-x86_64 0.1.1 3.00 16.00 19.00 NOTE
r-oldrel-windows-x86_64 0.1.1 5.00 36.00 41.00 NOTE

Check Details

Version: 0.1.1
Check: CRAN incoming feasibility
Result: NOTE Maintainer: ‘Eric E. Graves <gravcon5@gmail.com>’ No Authors@R field in DESCRIPTION. Please add one, modifying Authors@R: person(given = c("Eric", "E."), family = "Graves", role = c("aut", "cre"), email = "gravcon5@gmail.com") as necessary. Flavors: r-devel-linux-x86_64-debian-clang, r-devel-linux-x86_64-debian-gcc

Version: 0.1.1
Check: LazyData
Result: NOTE 'LazyData' is specified without a 'data' directory Flavors: r-oldrel-macos-arm64, r-oldrel-macos-x86_64, r-oldrel-windows-x86_64