Last updated on 2025-02-10 17:49:18 CET.
Flavor | Version | Tinstall | Tcheck | Ttotal | Status | Flags |
---|---|---|---|---|---|---|
r-devel-linux-x86_64-debian-clang | 0.1.0 | 31.39 | 23.48 | 54.87 | NOTE | |
r-devel-linux-x86_64-debian-gcc | 0.1.0 | 21.79 | 18.93 | 40.72 | NOTE | |
r-devel-linux-x86_64-fedora-clang | 0.1.0 | 100.32 | NOTE | |||
r-devel-linux-x86_64-fedora-gcc | 0.1.0 | 103.03 | NOTE | |||
r-devel-windows-x86_64 | 0.1.0 | 33.00 | 62.00 | 95.00 | NOTE | |
r-patched-linux-x86_64 | 0.1.0 | 31.60 | 22.35 | 53.95 | NOTE | |
r-release-linux-x86_64 | 0.1.0 | 31.63 | 22.26 | 53.89 | NOTE | |
r-release-macos-arm64 | 0.1.0 | 29.00 | NOTE | |||
r-release-macos-x86_64 | 0.1.0 | 41.00 | NOTE | |||
r-release-windows-x86_64 | 0.1.0 | 32.00 | 68.00 | 100.00 | NOTE | |
r-oldrel-macos-arm64 | 0.1.0 | 30.00 | NOTE | |||
r-oldrel-macos-x86_64 | 0.1.0 | 49.00 | NOTE | |||
r-oldrel-windows-x86_64 | 0.1.0 | 37.00 | 75.00 | 112.00 | NOTE |
Version: 0.1.0
Check: C++ specification
Result: NOTE
Specified C++11: please drop specification unless essential
Flavors: r-devel-linux-x86_64-debian-clang, r-devel-linux-x86_64-debian-gcc, r-devel-linux-x86_64-fedora-clang, r-devel-linux-x86_64-fedora-gcc, r-devel-windows-x86_64, r-patched-linux-x86_64, r-release-linux-x86_64, r-release-macos-arm64, r-release-macos-x86_64, r-release-windows-x86_64, r-oldrel-macos-arm64, r-oldrel-macos-x86_64, r-oldrel-windows-x86_64