Last updated on 2025-11-26 05:51:44 CET.
| Flavor | Version | Tinstall | Tcheck | Ttotal | Status | Flags |
|---|---|---|---|---|---|---|
| r-devel-linux-x86_64-debian-clang | 0.1.5 | 5.83 | 74.68 | 80.51 | NOTE | |
| r-devel-linux-x86_64-debian-gcc | 0.1.5 | 4.76 | 56.10 | 60.86 | NOTE | |
| r-devel-linux-x86_64-fedora-clang | 0.1.5 | 13.00 | 112.77 | 125.77 | OK | |
| r-devel-linux-x86_64-fedora-gcc | 0.1.5 | 14.00 | 118.24 | 132.24 | OK | |
| r-devel-windows-x86_64 | 0.1.5 | 9.00 | 100.00 | 109.00 | OK | |
| r-patched-linux-x86_64 | 0.1.5 | 6.25 | 72.03 | 78.28 | OK | |
| r-release-linux-x86_64 | 0.1.5 | 7.03 | 71.76 | 78.79 | OK | |
| r-release-macos-arm64 | 0.1.5 | OK | ||||
| r-release-macos-x86_64 | 0.1.5 | 5.00 | 67.00 | 72.00 | OK | |
| r-release-windows-x86_64 | 0.1.5 | 9.00 | 101.00 | 110.00 | OK | |
| r-oldrel-macos-arm64 | 0.1.5 | OK | ||||
| r-oldrel-macos-x86_64 | 0.1.5 | 4.00 | 56.00 | 60.00 | OK | |
| r-oldrel-windows-x86_64 | 0.1.5 | 10.00 | 124.00 | 134.00 | OK |
Version: 0.1.5
Check: CRAN incoming feasibility
Result: NOTE
Maintainer: ‘Marek Hlavac <mhlavac@alumni.princeton.edu>’
No Authors@R field in DESCRIPTION.
Please add one, modifying
Authors@R: person(given = "Marek",
family = "Hlavac",
role = c("aut", "cre"),
email = "mhlavac@alumni.princeton.edu")
as necessary.
Package CITATION file contains call(s) to old-style citEntry(). Please
use bibentry() instead.
Flavors: r-devel-linux-x86_64-debian-clang, r-devel-linux-x86_64-debian-gcc