Last updated on 2025-02-05 17:50:03 CET.
Flavor | Version | Tinstall | Tcheck | Ttotal | Status | Flags |
---|---|---|---|---|---|---|
r-devel-linux-x86_64-debian-clang | 1.0.1 | 23.56 | 37.49 | 61.05 | OK | |
r-devel-linux-x86_64-debian-gcc | 1.0.1 | 16.41 | 29.26 | 45.67 | OK | |
r-devel-linux-x86_64-fedora-clang | 1.0.1 | 116.78 | NOTE | |||
r-devel-linux-x86_64-fedora-gcc | 1.0.1 | 123.46 | NOTE | |||
r-devel-windows-x86_64 | 1.0.1 | 28.00 | 75.00 | 103.00 | OK | |
r-patched-linux-x86_64 | 1.0.1 | 24.20 | 35.83 | 60.03 | OK | |
r-release-linux-x86_64 | 1.0.1 | 22.68 | 35.69 | 58.37 | OK | |
r-release-macos-arm64 | 1.0.1 | 38.00 | OK | |||
r-release-macos-x86_64 | 1.0.1 | 51.00 | OK | |||
r-release-windows-x86_64 | 1.0.1 | 26.00 | 77.00 | 103.00 | OK | |
r-oldrel-macos-arm64 | 1.0.1 | 43.00 | OK | |||
r-oldrel-macos-x86_64 | 1.0.1 | 67.00 | OK | |||
r-oldrel-windows-x86_64 | 1.0.1 | 32.00 | 88.00 | 120.00 | OK |
Version: 1.0.1
Check: dependencies in R code
Result: NOTE
Namespace in Imports field not imported from: ‘pedtools’
All declared Imports should be used.
Flavors: r-devel-linux-x86_64-fedora-clang, r-devel-linux-x86_64-fedora-gcc