Last updated on 2024-06-29 06:49:48 CEST.
Flavor | Version | Tinstall | Tcheck | Ttotal | Status | Flags |
---|---|---|---|---|---|---|
r-devel-linux-x86_64-debian-clang | 0.3.9 | 9.43 | 135.06 | 144.49 | OK | |
r-devel-linux-x86_64-debian-gcc | 0.3.9 | 7.87 | 97.67 | 105.54 | OK | |
r-devel-linux-x86_64-fedora-clang | 0.3.9 | 183.10 | NOTE | |||
r-devel-linux-x86_64-fedora-gcc | 0.3.9 | 355.35 | NOTE | |||
r-devel-windows-x86_64 | 0.3.9 | 12.00 | 110.00 | 122.00 | OK | |
r-patched-linux-x86_64 | 0.3.9 | 10.16 | 127.22 | 137.38 | OK | |
r-release-linux-x86_64 | 0.3.9 | 8.06 | 130.76 | 138.82 | OK | |
r-release-macos-arm64 | 0.3.9 | 112.00 | OK | |||
r-release-macos-x86_64 | 0.3.9 | 280.00 | OK | |||
r-release-windows-x86_64 | 0.3.9 | 13.00 | 112.00 | 125.00 | OK | |
r-oldrel-macos-arm64 | 0.3.9 | 135.00 | OK | |||
r-oldrel-macos-x86_64 | 0.3.9 | 222.00 | OK | |||
r-oldrel-windows-x86_64 | 0.3.9 | 14.00 | 136.00 | 150.00 | OK |
Version: 0.3.9
Check: dependencies in R code
Result: NOTE
Namespaces in Imports field not imported from:
‘forecast’ ‘rlang’ ‘tsibble’ ‘viridis’
All declared Imports should be used.
Flavors: r-devel-linux-x86_64-fedora-clang, r-devel-linux-x86_64-fedora-gcc