Last updated on 2025-11-26 05:51:44 CET.
| Flavor | Version | Tinstall | Tcheck | Ttotal | Status | Flags |
|---|---|---|---|---|---|---|
| r-devel-linux-x86_64-debian-clang | 2.1.5 | 6.96 | 100.47 | 107.43 | OK | |
| r-devel-linux-x86_64-debian-gcc | 2.1.5 | 5.42 | 76.54 | 81.96 | OK | |
| r-devel-linux-x86_64-fedora-clang | 2.1.5 | 15.00 | 165.14 | 180.14 | OK | |
| r-devel-linux-x86_64-fedora-gcc | 2.1.5 | 16.00 | 173.17 | 189.17 | OK | |
| r-devel-windows-x86_64 | 2.1.5 | 12.00 | 123.00 | 135.00 | OK | |
| r-patched-linux-x86_64 | 2.1.5 | 6.79 | 97.41 | 104.20 | OK | |
| r-release-linux-x86_64 | 2.1.5 | 7.09 | 96.35 | 103.44 | OK | |
| r-release-macos-arm64 | 2.1.5 | OK | ||||
| r-release-macos-x86_64 | 2.1.5 | 7.00 | 105.00 | 112.00 | OK | |
| r-release-windows-x86_64 | 2.1.5 | 10.00 | 128.00 | 138.00 | OK | |
| r-oldrel-macos-arm64 | 2.1.5 | NOTE | ||||
| r-oldrel-macos-x86_64 | 2.1.5 | 6.00 | 76.00 | 82.00 | NOTE | |
| r-oldrel-windows-x86_64 | 2.1.5 | 14.00 | 150.00 | 164.00 | NOTE |
Version: 2.1.5
Check: LazyData
Result: NOTE
'LazyData' is specified without a 'data' directory
Flavors: r-oldrel-macos-arm64, r-oldrel-macos-x86_64, r-oldrel-windows-x86_64