Last updated on 2024-06-15 17:57:39 CEST.
Flavor | Version | Tinstall | Tcheck | Ttotal | Status | Flags |
---|---|---|---|---|---|---|
r-devel-linux-x86_64-debian-clang | 0.5-7 | 4.80 | 97.91 | 102.71 | OK | |
r-devel-linux-x86_64-debian-gcc | 0.5-7 | 3.57 | 78.11 | 81.68 | OK | |
r-devel-linux-x86_64-fedora-clang | 0.5-7 | 128.17 | OK | |||
r-devel-linux-x86_64-fedora-gcc | 0.5-7 | 129.38 | OK | |||
r-devel-windows-x86_64 | 0.5-7 | 4.00 | 109.00 | 113.00 | OK | |
r-patched-linux-x86_64 | 0.5-7 | 4.69 | 62.93 | 67.62 | NOTE | |
r-release-linux-x86_64 | 0.5-7 | 4.63 | 104.07 | 108.70 | OK | |
r-release-macos-arm64 | 0.5-7 | 62.00 | OK | |||
r-release-macos-x86_64 | 0.5-7 | 105.00 | OK | |||
r-release-windows-x86_64 | 0.5-7 | 5.00 | 112.00 | 117.00 | OK | |
r-oldrel-macos-arm64 | 0.5-7 | 54.00 | OK | |||
r-oldrel-macos-x86_64 | 0.5-7 | 115.00 | OK | |||
r-oldrel-windows-x86_64 | 0.5-7 | 6.00 | 119.00 | 125.00 | OK |
Version: 0.5-7
Check: package dependencies
Result: NOTE
Package suggested but not available for checking: ‘tidySEM’
Flavor: r-patched-linux-x86_64