Last updated on 2024-08-16 06:50:06 CEST.
Flavor | Version | Tinstall | Tcheck | Ttotal | Status | Flags |
---|---|---|---|---|---|---|
r-devel-linux-x86_64-debian-clang | 1.1.0 | 23.01 | 83.12 | 106.13 | NOTE | |
r-devel-linux-x86_64-debian-gcc | 1.1.0 | 18.18 | 60.09 | 78.27 | NOTE | |
r-devel-linux-x86_64-fedora-clang | 1.1.0 | 177.90 | OK | |||
r-devel-linux-x86_64-fedora-gcc | 1.1.0 | 174.59 | OK | |||
r-devel-windows-x86_64 | 1.1.0 | 29.00 | 109.00 | 138.00 | NOTE | |
r-patched-linux-x86_64 | 1.1.0 | 29.12 | 76.28 | 105.40 | OK | |
r-release-linux-x86_64 | 1.1.0 | 23.53 | 77.25 | 100.78 | OK | |
r-release-macos-arm64 | 1.1.0 | 48.00 | OK | |||
r-release-macos-x86_64 | 1.1.0 | 71.00 | OK | |||
r-release-windows-x86_64 | 1.1.0 | 29.00 | 115.00 | 144.00 | OK | |
r-oldrel-macos-arm64 | 1.1.0 | 59.00 | OK | |||
r-oldrel-macos-x86_64 | 1.1.0 | 118.00 | OK | |||
r-oldrel-windows-x86_64 | 1.1.0 | 36.00 | 135.00 | 171.00 | OK |
Version: 1.1.0
Check: Rd cross-references
Result: NOTE
Found the following Rd file(s) with Rd \link{} targets missing package
anchors:
generate.data.Rd: rmvnorm, rmvt
nlmm.Rd: varFunc, varFixed, varClasses, summary.varFunc,
varWeights.varFunc, coef.varFunc
nlmmControl.Rd: lme, lmeControl
Please provide package anchors for all Rd \link{} targets not in the
package itself and the base packages.
Flavors: r-devel-linux-x86_64-debian-clang, r-devel-linux-x86_64-debian-gcc, r-devel-windows-x86_64