Last updated on 2024-08-16 06:50:06 CEST.
Flavor | Version | Tinstall | Tcheck | Ttotal | Status | Flags |
---|---|---|---|---|---|---|
r-devel-linux-x86_64-debian-clang | 1.0.1 | 12.18 | 94.89 | 107.07 | OK | |
r-devel-linux-x86_64-debian-gcc | 1.0.1 | 8.32 | 68.56 | 76.88 | OK | |
r-devel-linux-x86_64-fedora-clang | 1.0.1 | 176.31 | NOTE | |||
r-devel-linux-x86_64-fedora-gcc | 1.0.1 | 164.63 | OK | |||
r-devel-windows-x86_64 | 1.0.1 | 15.00 | 100.00 | 115.00 | OK | |
r-patched-linux-x86_64 | 1.0.1 | 12.57 | 90.03 | 102.60 | OK | |
r-release-linux-x86_64 | 1.0.1 | 11.72 | 91.11 | 102.83 | OK | |
r-release-macos-arm64 | 1.0.1 | 46.00 | OK | |||
r-release-macos-x86_64 | 1.0.1 | 125.00 | OK | |||
r-release-windows-x86_64 | 1.0.1 | 15.00 | 99.00 | 114.00 | OK | |
r-oldrel-macos-arm64 | 1.0.1 | 58.00 | OK | |||
r-oldrel-macos-x86_64 | 1.0.1 | 126.00 | OK | |||
r-oldrel-windows-x86_64 | 1.0.1 | 19.00 | 123.00 | 142.00 | OK |
Version: 1.0.1
Check: Rd cross-references
Result: NOTE
Undeclared package ‘mediation’ in Rd xrefs
Flavor: r-devel-linux-x86_64-fedora-clang