Last updated on 2025-02-10 17:49:17 CET.
Flavor | Version | Tinstall | Tcheck | Ttotal | Status | Flags |
---|---|---|---|---|---|---|
r-devel-linux-x86_64-debian-clang | 0.0.3 | 1.56 | 17.70 | 19.26 | OK | |
r-devel-linux-x86_64-debian-gcc | 0.0.3 | 1.39 | 14.73 | 16.12 | OK | |
r-devel-linux-x86_64-fedora-clang | 0.0.3 | 31.76 | OK | |||
r-devel-linux-x86_64-fedora-gcc | 0.0.3 | 29.69 | OK | |||
r-devel-windows-x86_64 | 0.0.3 | 3.00 | 46.00 | 49.00 | OK | |
r-patched-linux-x86_64 | 0.0.3 | 1.64 | 17.03 | 18.67 | NOTE | |
r-release-linux-x86_64 | 0.0.3 | 1.52 | 17.04 | 18.56 | NOTE | |
r-release-macos-arm64 | 0.0.3 | 15.00 | NOTE | |||
r-release-macos-x86_64 | 0.0.3 | 24.00 | NOTE | |||
r-release-windows-x86_64 | 0.0.3 | 3.00 | 46.00 | 49.00 | NOTE | |
r-oldrel-macos-arm64 | 0.0.3 | 18.00 | NOTE | |||
r-oldrel-macos-x86_64 | 0.0.3 | 20.00 | NOTE | |||
r-oldrel-windows-x86_64 | 0.0.3 | 3.00 | 43.00 | 46.00 | NOTE |
Version: 0.0.3
Check: LazyData
Result: NOTE
'LazyData' is specified without a 'data' directory
Flavors: r-patched-linux-x86_64, r-release-linux-x86_64, r-release-macos-arm64, r-release-macos-x86_64, r-release-windows-x86_64, r-oldrel-macos-arm64, r-oldrel-macos-x86_64, r-oldrel-windows-x86_64