Last updated on 2025-02-10 17:49:17 CET.
Flavor | Version | Tinstall | Tcheck | Ttotal | Status | Flags |
---|---|---|---|---|---|---|
r-devel-linux-x86_64-debian-clang | 0.1.5 | 15.93 | 118.76 | 134.69 | NOTE | |
r-devel-linux-x86_64-debian-gcc | 0.1.5 | 8.95 | 87.90 | 96.85 | NOTE | |
r-devel-linux-x86_64-fedora-clang | 0.1.5 | 209.73 | OK | |||
r-devel-linux-x86_64-fedora-gcc | 0.1.5 | 205.04 | OK | |||
r-devel-windows-x86_64 | 0.1.5 | 15.00 | 119.00 | 134.00 | NOTE | |
r-patched-linux-x86_64 | 0.1.5 | 21.12 | 107.36 | 128.48 | OK | |
r-release-linux-x86_64 | 0.1.5 | 13.28 | 107.44 | 120.72 | OK | |
r-release-macos-arm64 | 0.1.5 | 61.00 | OK | |||
r-release-macos-x86_64 | 0.1.5 | 89.00 | OK | |||
r-release-windows-x86_64 | 0.1.5 | 16.00 | 118.00 | 134.00 | OK | |
r-oldrel-macos-arm64 | 0.1.5 | 74.00 | OK | |||
r-oldrel-macos-x86_64 | 0.1.5 | 147.00 | OK | |||
r-oldrel-windows-x86_64 | 0.1.5 | 20.00 | 145.00 | 165.00 | OK |
Version: 0.1.5
Check: Rd cross-references
Result: NOTE
Found the following Rd file(s) with Rd \link{} targets missing package
anchors:
ndi-package.Rd: tidycensus, psych, sf, Matrix
Please provide package anchors for all Rd \link{} targets not in the
package itself and the base packages.
Flavors: r-devel-linux-x86_64-debian-clang, r-devel-linux-x86_64-debian-gcc, r-devel-windows-x86_64