CRAN Package Check Results for Package ncdf4

Last updated on 2025-06-30 18:49:46 CEST.

Flavor Version Tinstall Tcheck Ttotal Status Flags
r-devel-linux-x86_64-debian-clang 1.24 7.92 34.95 42.87 OK
r-devel-linux-x86_64-debian-gcc 1.24 6.26 25.27 31.53 OK
r-devel-linux-x86_64-fedora-clang 1.24 68.98 OK
r-devel-linux-x86_64-fedora-gcc 1.24 65.33 OK
r-devel-windows-x86_64 1.24 16.00 178.00 194.00 OK
r-patched-linux-x86_64 OK
r-release-linux-x86_64 1.24 6.50 32.10 38.60 OK
r-release-macos-arm64 1.24 32.00 OK
r-release-macos-x86_64 1.24 43.00 OK
r-release-windows-x86_64 1.24 16.00 165.00 181.00 OK
r-oldrel-macos-arm64 1.24 25.00 NOTE
r-oldrel-macos-x86_64 1.24 52.00 NOTE
r-oldrel-windows-x86_64 1.24 19.00 168.00 187.00 NOTE

Check Details

Version: 1.24
Check: installed package size
Result: NOTE installed size is 5.9Mb sub-directories of 1Mb or more: libs 5.6Mb Flavors: r-oldrel-macos-arm64, r-oldrel-macos-x86_64, r-oldrel-windows-x86_64