Last updated on 2024-06-29 06:49:47 CEST.
Flavor | Version | Tinstall | Tcheck | Ttotal | Status | Flags |
---|---|---|---|---|---|---|
r-devel-linux-x86_64-debian-clang | 2.0.3 | 323.28 | 107.12 | 430.40 | OK | |
r-devel-linux-x86_64-debian-gcc | 2.0.3 | 201.63 | 78.87 | 280.50 | OK | |
r-devel-linux-x86_64-fedora-clang | 2.0.3 | 633.40 | OK | |||
r-devel-linux-x86_64-fedora-gcc | 2.0.3 | 646.25 | OK | |||
r-devel-windows-x86_64 | 2.0.3 | 246.00 | 128.00 | 374.00 | OK | |
r-patched-linux-x86_64 | 2.0.3 | 254.42 | 102.30 | 356.72 | OK | |
r-release-linux-x86_64 | 2.0.3 | 192.69 | 102.77 | 295.46 | OK | |
r-release-macos-arm64 | 2.0.3 | 137.00 | NOTE | |||
r-release-macos-x86_64 | 2.0.3 | 128.00 | NOTE | |||
r-release-windows-x86_64 | 2.0.3 | 257.00 | 130.00 | 387.00 | OK | |
r-oldrel-macos-arm64 | 2.0.3 | 124.00 | NOTE | |||
r-oldrel-macos-x86_64 | 2.0.3 | 181.00 | NOTE | |||
r-oldrel-windows-x86_64 | 2.0.3 | 306.00 | 148.00 | 454.00 | OK |
Version: 2.0.3
Check: installed package size
Result: NOTE
installed size is 13.2Mb
sub-directories of 1Mb or more:
libs 11.9Mb
Flavors: r-release-macos-arm64, r-release-macos-x86_64, r-oldrel-macos-arm64, r-oldrel-macos-x86_64